{"id":1819,"date":"2016-09-19T11:21:33","date_gmt":"2016-09-19T10:21:33","guid":{"rendered":"http:\/\/www.tendm.net\/?page_id=1819"},"modified":"2017-01-11T15:25:54","modified_gmt":"2017-01-11T14:25:54","slug":"elle-imagine-2","status":"publish","type":"page","link":"http:\/\/www.tendm.net\/index.php\/elle-imagine-2\/","title":{"rendered":"Elle Imagine"},"content":{"rendered":"<div class=\"chapo\">\n<p><img decoding=\"async\" data-attachment-id=\"1834\" data-permalink=\"http:\/\/www.tendm.net\/index.php\/elle-imagine-2\/logo-wedding-planner-2\/\" data-orig-file=\"https:\/\/i0.wp.com\/www.tendm.net\/wp-content\/uploads\/2016\/09\/logo-wedding-planner-2.png?fit=609%2C109\" data-orig-size=\"609,109\" data-comments-opened=\"1\" data-image-meta=\"{&quot;aperture&quot;:&quot;0&quot;,&quot;credit&quot;:&quot;&quot;,&quot;camera&quot;:&quot;&quot;,&quot;caption&quot;:&quot;&quot;,&quot;created_timestamp&quot;:&quot;0&quot;,&quot;copyright&quot;:&quot;&quot;,&quot;focal_length&quot;:&quot;0&quot;,&quot;iso&quot;:&quot;0&quot;,&quot;shutter_speed&quot;:&quot;0&quot;,&quot;title&quot;:&quot;&quot;,&quot;orientation&quot;:&quot;0&quot;}\" data-image-title=\"logo-wedding-planner-2\" data-image-description=\"\" data-image-caption=\"\" data-medium-file=\"https:\/\/i0.wp.com\/www.tendm.net\/wp-content\/uploads\/2016\/09\/logo-wedding-planner-2.png?fit=300%2C54\" data-large-file=\"https:\/\/i0.wp.com\/www.tendm.net\/wp-content\/uploads\/2016\/09\/logo-wedding-planner-2.png?fit=609%2C109\" class=\"size-medium wp-image-1834 aligncenter\" src=\"https:\/\/i0.wp.com\/www.tendm.net\/wp-content\/uploads\/2016\/09\/logo-wedding-planner-2.png?resize=300%2C54\" alt=\"logo-wedding-planner-2\" width=\"300\" height=\"54\" srcset=\"https:\/\/i0.wp.com\/www.tendm.net\/wp-content\/uploads\/2016\/09\/logo-wedding-planner-2.png?resize=300%2C54 300w, https:\/\/i0.wp.com\/www.tendm.net\/wp-content\/uploads\/2016\/09\/logo-wedding-planner-2.png?w=609 609w\" sizes=\"(max-width: 300px) 100vw, 300px\" data-recalc-dims=\"1\" \/><\/p>\n<h1 style=\"text-align: left;\"><span style=\"color: #ffffff; font-family: verdana, geneva, sans-serif;\">La sc\u00e9nographie +<\/span>La sc\u00e9nographie et l&rsquo;organisation de VOTRE mariage<\/h1>\n<p>&nbsp;<\/p>\n<\/div>\n<p class=\"picto-service prestataires\"><span style=\"font-size: 12pt; font-family: verdana, geneva, sans-serif;\">Christelle de \u00ab\u00a0Elle Imagine\u00a0\u00bb cr\u00e9\u00e9, pour vous, la sc\u00e9nographie totale ou partielle de votre mariage et vous accompagne dans la concr\u00e9tisation de votre joli jour, pour le vivre en toute s\u00e9r\u00e9nit\u00e9.<\/span><\/p>\n<p class=\"picto-service prestataires\"><span style=\"font-size: 12pt; font-family: verdana, geneva, sans-serif;\">Vous souhaitez\u00a0une c\u00e9r\u00e9monie les pieds dans l\u2019eau, au beau milieu d&rsquo;une for\u00eat, ou encore d\u2019un d\u00eener au c\u0153ur d\u2019un vignoble&#8230;\u00a0<\/span><\/p>\n<div class=\"textarea\">\n<p><span style=\"font-size: 12pt; font-family: verdana, geneva, sans-serif;\">Votre envie va vers une ambiance boh\u00e8me, romantique, urbaine, tout simplement \u00e0 votre image&#8230;<\/span>\u00a0<span style=\"font-size: 12pt; font-family: verdana, geneva, sans-serif;\">Si vous avez besoin d&rsquo;un soutien ou d&rsquo;une organisation totale, faites appel \u00e0 une sp\u00e9cialiste de l&rsquo;organisation et de la sc\u00e9nographie !<\/span><\/p>\n<p><span style=\"color: #ffffff; font-family: verdana, geneva, sans-serif;\">Tout est possible+<\/span><\/p>\n<p style=\"text-align: center;\"><span style=\"font-family: verdana, geneva, sans-serif;\"><strong>Contact :<\/strong><\/span><\/p>\n<h5 style=\"text-align: center;\"><span style=\"font-family: verdana, geneva, sans-serif;\">Christelle\u00a0BASQUE<\/span><br \/>\n<span style=\"font-family: verdana, geneva, sans-serif;\">06 17 03 70 46<\/span><\/h5>\n<p style=\"text-align: center;\"><span style=\"font-family: verdana, geneva, sans-serif;\">christelle@elle-imagine.com<\/span><br \/>\n<span style=\"font-family: verdana, geneva, sans-serif;\">www.elle-imagine.com<\/span><\/p>\n<p class=\"jetpack-slideshow-noscript robots-nocontent\">Ce diaporama n\u00e9cessite JavaScript.<\/p><div id=\"gallery-1819-1-slideshow\" class=\"jetpack-slideshow-window jetpack-slideshow jetpack-slideshow-black\" data-trans=\"fade\" data-autostart=\"1\" data-gallery=\"[{&quot;src&quot;:&quot;https:\\\/\\\/i0.wp.com\\\/www.tendm.net\\\/wp-content\\\/uploads\\\/2016\\\/09\\\/elle-imagine-organisateur-de-mariages-bordeaux-165.jpg?fit=683%2C1024&quot;,&quot;id&quot;:&quot;1825&quot;,&quot;title&quot;:&quot;elle-imagine-organisateur-de-mariages-bordeaux-165&quot;,&quot;alt&quot;:&quot;&quot;,&quot;caption&quot;:&quot;Sc\\u00e9nographie&quot;,&quot;itemprop&quot;:&quot;image&quot;},{&quot;src&quot;:&quot;https:\\\/\\\/i0.wp.com\\\/www.tendm.net\\\/wp-content\\\/uploads\\\/2016\\\/09\\\/elle-imagine-organisateur-de-mariages-bordeaux-120.jpg?fit=683%2C1024&quot;,&quot;id&quot;:&quot;1824&quot;,&quot;title&quot;:&quot;elle-imagine-organisateur-de-mariages-bordeaux-120&quot;,&quot;alt&quot;:&quot;&quot;,&quot;caption&quot;:&quot;&quot;,&quot;itemprop&quot;:&quot;image&quot;},{&quot;src&quot;:&quot;https:\\\/\\\/i0.wp.com\\\/www.tendm.net\\\/wp-content\\\/uploads\\\/2016\\\/09\\\/elle-imagine-organisateur-de-mariages-bordeaux-117.jpg?fit=683%2C1024&quot;,&quot;id&quot;:&quot;1823&quot;,&quot;title&quot;:&quot;elle-imagine-organisateur-de-mariages-bordeaux-117&quot;,&quot;alt&quot;:&quot;&quot;,&quot;caption&quot;:&quot;&quot;,&quot;itemprop&quot;:&quot;image&quot;},{&quot;src&quot;:&quot;https:\\\/\\\/i0.wp.com\\\/www.tendm.net\\\/wp-content\\\/uploads\\\/2016\\\/09\\\/elle-imagine-organisateur-de-mariages-bordeaux-60.jpg?fit=683%2C1024&quot;,&quot;id&quot;:&quot;1822&quot;,&quot;title&quot;:&quot;elle-imagine-organisateur-de-mariages-bordeaux-60&quot;,&quot;alt&quot;:&quot;&quot;,&quot;caption&quot;:&quot;&quot;,&quot;itemprop&quot;:&quot;image&quot;},{&quot;src&quot;:&quot;https:\\\/\\\/i0.wp.com\\\/www.tendm.net\\\/wp-content\\\/uploads\\\/2016\\\/09\\\/elle-imagine-organisateur-de-mariages-bordeaux-56.jpg?fit=683%2C1024&quot;,&quot;id&quot;:&quot;1821&quot;,&quot;title&quot;:&quot;elle-imagine-organisateur-de-mariages-bordeaux-56&quot;,&quot;alt&quot;:&quot;&quot;,&quot;caption&quot;:&quot;&quot;,&quot;itemprop&quot;:&quot;image&quot;},{&quot;src&quot;:&quot;https:\\\/\\\/i0.wp.com\\\/www.tendm.net\\\/wp-content\\\/uploads\\\/2016\\\/09\\\/wedding-planner-gironde-www.elle-imagine.com-69.jpg?fit=683%2C1024&quot;,&quot;id&quot;:&quot;1833&quot;,&quot;title&quot;:&quot;wedding-planner-gironde-www-elle-imagine-com-69&quot;,&quot;alt&quot;:&quot;&quot;,&quot;caption&quot;:&quot;&quot;,&quot;itemprop&quot;:&quot;image&quot;},{&quot;src&quot;:&quot;https:\\\/\\\/i0.wp.com\\\/www.tendm.net\\\/wp-content\\\/uploads\\\/2016\\\/09\\\/wedding-planner-gironde-www.elle-imagine.com-53.jpg?fit=683%2C1024&quot;,&quot;id&quot;:&quot;1832&quot;,&quot;title&quot;:&quot;wedding-planner-gironde-www-elle-imagine-com-53&quot;,&quot;alt&quot;:&quot;&quot;,&quot;caption&quot;:&quot;Sc\\u00e9nographie&quot;,&quot;itemprop&quot;:&quot;image&quot;},{&quot;src&quot;:&quot;https:\\\/\\\/i0.wp.com\\\/www.tendm.net\\\/wp-content\\\/uploads\\\/2016\\\/09\\\/wedding-planner-gironde-www.elle-imagine.com-38.jpg?fit=1000%2C667&quot;,&quot;id&quot;:&quot;1831&quot;,&quot;title&quot;:&quot;wedding-planner-gironde-www-elle-imagine-com-38&quot;,&quot;alt&quot;:&quot;&quot;,&quot;caption&quot;:&quot;&quot;,&quot;itemprop&quot;:&quot;image&quot;},{&quot;src&quot;:&quot;https:\\\/\\\/i0.wp.com\\\/www.tendm.net\\\/wp-content\\\/uploads\\\/2016\\\/09\\\/wedding-planner-bassin-darcachon-136.jpg?fit=1000%2C667&quot;,&quot;id&quot;:&quot;1830&quot;,&quot;title&quot;:&quot;wedding-planner-bassin-darcachon-136&quot;,&quot;alt&quot;:&quot;&quot;,&quot;caption&quot;:&quot;Organisation de Mariage&quot;,&quot;itemprop&quot;:&quot;image&quot;},{&quot;src&quot;:&quot;https:\\\/\\\/i0.wp.com\\\/www.tendm.net\\\/wp-content\\\/uploads\\\/2016\\\/09\\\/wedding-planner-bassin-darcachon-113.jpg?fit=1000%2C667&quot;,&quot;id&quot;:&quot;1829&quot;,&quot;title&quot;:&quot;wedding-planner-bassin-darcachon-113&quot;,&quot;alt&quot;:&quot;&quot;,&quot;caption&quot;:&quot;&quot;,&quot;itemprop&quot;:&quot;image&quot;},{&quot;src&quot;:&quot;https:\\\/\\\/i0.wp.com\\\/www.tendm.net\\\/wp-content\\\/uploads\\\/2016\\\/09\\\/wedding-planner-bassin-darcachon-1.jpg?fit=682%2C1024&quot;,&quot;id&quot;:&quot;1828&quot;,&quot;title&quot;:&quot;wedding-planner-bassin-darcachon-1&quot;,&quot;alt&quot;:&quot;&quot;,&quot;caption&quot;:&quot;&quot;,&quot;itemprop&quot;:&quot;image&quot;},{&quot;src&quot;:&quot;https:\\\/\\\/i0.wp.com\\\/www.tendm.net\\\/wp-content\\\/uploads\\\/2016\\\/09\\\/organisatrice-mariage-gironde-elle-imagine-19.jpg?fit=683%2C1024&quot;,&quot;id&quot;:&quot;1827&quot;,&quot;title&quot;:&quot;organisatrice-mariage-gironde-elle-imagine-19&quot;,&quot;alt&quot;:&quot;&quot;,&quot;caption&quot;:&quot;&quot;,&quot;itemprop&quot;:&quot;image&quot;},{&quot;src&quot;:&quot;https:\\\/\\\/i0.wp.com\\\/www.tendm.net\\\/wp-content\\\/uploads\\\/2016\\\/09\\\/organisatrice-mariage-gironde-elle-imagine-7.jpg?fit=683%2C1024&quot;,&quot;id&quot;:&quot;1826&quot;,&quot;title&quot;:&quot;organisatrice-mariage-gironde-elle-imagine-7&quot;,&quot;alt&quot;:&quot;&quot;,&quot;caption&quot;:&quot;&quot;,&quot;itemprop&quot;:&quot;image&quot;}]\" itemscope itemtype=\"https:\/\/schema.org\/ImageGallery\"><\/div>\n<p>&nbsp;<\/p>\n<\/div>\n","protected":false},"excerpt":{"rendered":"<p>La sc\u00e9nographie +La sc\u00e9nographie et l&rsquo;organisation de VOTRE mariage &nbsp; Christelle de \u00ab\u00a0Elle Imagine\u00a0\u00bb cr\u00e9\u00e9, pour vous, la sc\u00e9nographie totale ou partielle de votre mariage et vous accompagne dans la concr\u00e9tisation de votre joli jour, pour le vivre en toute s\u00e9r\u00e9nit\u00e9. Vous souhaitez\u00a0une c\u00e9r\u00e9monie les pieds dans l\u2019eau, au beau milieu d&rsquo;une for\u00eat, ou encore [&hellip;]<\/p>\n","protected":false},"author":1,"featured_media":0,"parent":0,"menu_order":0,"comment_status":"closed","ping_status":"closed","template":"page-full-width.php","meta":{"footnotes":""},"jetpack_sharing_enabled":true,"jetpack_shortlink":"https:\/\/wp.me\/P70bXT-tl","jetpack-related-posts":[],"_links":{"self":[{"href":"http:\/\/www.tendm.net\/index.php\/wp-json\/wp\/v2\/pages\/1819"}],"collection":[{"href":"http:\/\/www.tendm.net\/index.php\/wp-json\/wp\/v2\/pages"}],"about":[{"href":"http:\/\/www.tendm.net\/index.php\/wp-json\/wp\/v2\/types\/page"}],"author":[{"embeddable":true,"href":"http:\/\/www.tendm.net\/index.php\/wp-json\/wp\/v2\/users\/1"}],"replies":[{"embeddable":true,"href":"http:\/\/www.tendm.net\/index.php\/wp-json\/wp\/v2\/comments?post=1819"}],"version-history":[{"count":4,"href":"http:\/\/www.tendm.net\/index.php\/wp-json\/wp\/v2\/pages\/1819\/revisions"}],"predecessor-version":[{"id":4068,"href":"http:\/\/www.tendm.net\/index.php\/wp-json\/wp\/v2\/pages\/1819\/revisions\/4068"}],"wp:attachment":[{"href":"http:\/\/www.tendm.net\/index.php\/wp-json\/wp\/v2\/media?parent=1819"}],"curies":[{"name":"wp","href":"https:\/\/api.w.org\/{rel}","templated":true}]}}