{"id":1994,"date":"2016-09-23T13:46:49","date_gmt":"2016-09-23T12:46:49","guid":{"rendered":"http:\/\/www.tendm.net\/?page_id=1994"},"modified":"2018-04-04T14:48:55","modified_gmt":"2018-04-04T13:48:55","slug":"we-art-by-artiste-associe","status":"publish","type":"page","link":"http:\/\/www.tendm.net\/index.php\/we-art-by-artiste-associe\/","title":{"rendered":"We Art by Artiste Associ\u00e9"},"content":{"rendered":"<div class=\"chapo\">\n<h1 style=\"text-align: center;\"><span style=\"color: #808080;\">\u00ab\u00a0Sp\u00e9cialiste du reportage de mariage\u00a0\u00bb<\/span><\/h1>\n<p>&nbsp;<\/p>\n<p style=\"text-align: justify;\">Sp\u00e9cialiste du reportage de Mariage, <strong>We Art\u00a0<\/strong>suit votre histoire et capture les \u00e9motions, ces petits instants si pr\u00e9cieux qui font de votre mariage une journ\u00e9e magique.<\/p>\n<p style=\"text-align: justify;\">Photographes depuis 1972, We Art vous accompagne des pr\u00e9paratifs de votre jour J, jusqu&rsquo;au bout de la nuit afin d&rsquo;immortaliser avec vous le plus jour de votre vie.<\/p>\n<\/div>\n<h2 class=\"picto-service prestataires\" style=\"text-align: justify;\"><\/h2>\n<p style=\"text-align: justify;\">Vous souhaitez des photos diff\u00e9rentes, fun et d\u00e9cal\u00e9es qui refl\u00e8tent votre personnalit\u00e9 ? We Art le fait,\u00a0et vous emm\u00e8ne dans des lieux secrets pour donner un style urbain, industriel, bassin&#8230; et vous aider \u00e0 vous lib\u00e9rer face \u00e0 l&rsquo;objectif, pour des souvenirs authentiques !<\/p>\n<p>&nbsp;<\/p>\n<p style=\"text-align: center;\"><span style=\"color: #808080;\"><strong>Contact :<br \/>\n<\/strong>We Art by Artiste Associ\u00e9<\/span><br \/>\n<span style=\"color: #808080;\"> 50 avenue Montesquieu<\/span><br \/>\n<span style=\"color: #808080;\"> 33160 Saint-M\u00e9dard en Jalles<\/span><br \/>\n<span style=\"color: #808080;\"> 05 56 05 71 23<\/span><br \/>\n<span style=\"color: #808080;\"> <a style=\"color: #808080;\" href=\"http:\/\/www.artiste-associe.com\/\">www.artiste-associe.com<\/a><\/span><\/p>\n<p class=\"jetpack-slideshow-noscript robots-nocontent\">Ce diaporama n\u00e9cessite JavaScript.<\/p><div id=\"gallery-1994-1-slideshow\" class=\"jetpack-slideshow-window jetpack-slideshow jetpack-slideshow-black\" data-trans=\"fade\" data-autostart=\"1\" data-gallery=\"[{&quot;src&quot;:&quot;https:\\\/\\\/i0.wp.com\\\/www.tendm.net\\\/wp-content\\\/uploads\\\/2016\\\/09\\\/026_artiste-associe_photographes_mariage_bordeaux_2015.jpg?fit=882%2C1000&quot;,&quot;id&quot;:&quot;1995&quot;,&quot;title&quot;:&quot;pr\\u00e9paratifs&quot;,&quot;alt&quot;:&quot;&quot;,&quot;caption&quot;:&quot;pr\\u00e9paratifs par Artiste-Associ\\u00e9 Photographe \\u00e0 Bordeaux&quot;,&quot;itemprop&quot;:&quot;image&quot;},{&quot;src&quot;:&quot;https:\\\/\\\/i0.wp.com\\\/www.tendm.net\\\/wp-content\\\/uploads\\\/2016\\\/09\\\/043_artiste-associe_photographes_mariage_bordeaux_2015.jpg?fit=1000%2C661&quot;,&quot;id&quot;:&quot;1996&quot;,&quot;title&quot;:&quot;eglise du Moulleau&quot;,&quot;alt&quot;:&quot;&quot;,&quot;caption&quot;:&quot;c\\u00e9r\\u00e9monie religieuse mariage par Artiste-Associ\\u00e9 Photographe \\u00e0 Bordeaux&quot;,&quot;itemprop&quot;:&quot;image&quot;},{&quot;src&quot;:&quot;https:\\\/\\\/i0.wp.com\\\/www.tendm.net\\\/wp-content\\\/uploads\\\/2016\\\/09\\\/046_artiste-associe_photographes_mariage_bordeaux_2015.jpg?fit=666%2C1000&quot;,&quot;id&quot;:&quot;1997&quot;,&quot;title&quot;:&quot;eglise du Moulleau&quot;,&quot;alt&quot;:&quot;&quot;,&quot;caption&quot;:&quot;c\\u00e9r\\u00e9monie religieuse mariage par Artiste-Associ\\u00e9 Photographe \\u00e0 Bordeaux&quot;,&quot;itemprop&quot;:&quot;image&quot;},{&quot;src&quot;:&quot;https:\\\/\\\/i0.wp.com\\\/www.tendm.net\\\/wp-content\\\/uploads\\\/2016\\\/09\\\/089_artiste-associe_photographes_mariage_bordeaux_2015.jpg?fit=1000%2C641&quot;,&quot;id&quot;:&quot;1999&quot;,&quot;title&quot;:&quot;Photos de Couple&quot;,&quot;alt&quot;:&quot;&quot;,&quot;caption&quot;:&quot;Photos de Couple   par Artiste-Associ\\u00e9 Photographe \\u00e0 Bordeaux&quot;,&quot;itemprop&quot;:&quot;image&quot;},{&quot;src&quot;:&quot;https:\\\/\\\/i0.wp.com\\\/www.tendm.net\\\/wp-content\\\/uploads\\\/2016\\\/09\\\/073_artiste-associe_photographes_mariage_bordeaux_2015.jpg?fit=760%2C1000&quot;,&quot;id&quot;:&quot;1998&quot;,&quot;title&quot;:&quot;Villa La Tosca&quot;,&quot;alt&quot;:&quot;&quot;,&quot;caption&quot;:&quot;Villa La Tosca Lanton par Artiste-Associ\\u00e9 Photographe \\u00e0 Bordeaux&quot;,&quot;itemprop&quot;:&quot;image&quot;},{&quot;src&quot;:&quot;https:\\\/\\\/i0.wp.com\\\/www.tendm.net\\\/wp-content\\\/uploads\\\/2016\\\/09\\\/096_artiste-associe_photographes_mariage_bordeaux_2015.jpg?fit=666%2C1000&quot;,&quot;id&quot;:&quot;2000&quot;,&quot;title&quot;:&quot;Photos de Couple&quot;,&quot;alt&quot;:&quot;&quot;,&quot;caption&quot;:&quot;Photos de Couple   par Artiste-Associ\\u00e9 Photographe \\u00e0 Bordeaux&quot;,&quot;itemprop&quot;:&quot;image&quot;},{&quot;src&quot;:&quot;https:\\\/\\\/i0.wp.com\\\/www.tendm.net\\\/wp-content\\\/uploads\\\/2016\\\/09\\\/518_pages_cavalier_14.jpg?fit=1500%2C960&quot;,&quot;id&quot;:&quot;2001&quot;,&quot;title&quot;:&quot;518_pages_cavalier_14&quot;,&quot;alt&quot;:&quot;&quot;,&quot;caption&quot;:&quot;&quot;,&quot;itemprop&quot;:&quot;image&quot;},{&quot;src&quot;:&quot;https:\\\/\\\/i0.wp.com\\\/www.tendm.net\\\/wp-content\\\/uploads\\\/2016\\\/09\\\/540_guilhamou_jaime_15.jpg?fit=1016%2C1500&quot;,&quot;id&quot;:&quot;2002&quot;,&quot;title&quot;:&quot;540_guilhamou_jaime_15&quot;,&quot;alt&quot;:&quot;&quot;,&quot;caption&quot;:&quot;Photos&quot;,&quot;itemprop&quot;:&quot;image&quot;}]\" itemscope itemtype=\"https:\/\/schema.org\/ImageGallery\"><\/div>\n<div class=\"textarea\"><\/div>\n","protected":false},"excerpt":{"rendered":"<p>\u00ab\u00a0Sp\u00e9cialiste du reportage de mariage\u00a0\u00bb &nbsp; Sp\u00e9cialiste du reportage de Mariage, We Art\u00a0suit votre histoire et capture les \u00e9motions, ces petits instants si pr\u00e9cieux qui font de votre mariage une journ\u00e9e magique. Photographes depuis 1972, We Art vous accompagne des pr\u00e9paratifs de votre jour J, jusqu&rsquo;au bout de la nuit afin d&rsquo;immortaliser avec vous le [&hellip;]<\/p>\n","protected":false},"author":1,"featured_media":1996,"parent":0,"menu_order":0,"comment_status":"closed","ping_status":"closed","template":"","meta":{"footnotes":""},"jetpack_sharing_enabled":true,"jetpack_shortlink":"https:\/\/wp.me\/P70bXT-wa","jetpack-related-posts":[],"_links":{"self":[{"href":"http:\/\/www.tendm.net\/index.php\/wp-json\/wp\/v2\/pages\/1994"}],"collection":[{"href":"http:\/\/www.tendm.net\/index.php\/wp-json\/wp\/v2\/pages"}],"about":[{"href":"http:\/\/www.tendm.net\/index.php\/wp-json\/wp\/v2\/types\/page"}],"author":[{"embeddable":true,"href":"http:\/\/www.tendm.net\/index.php\/wp-json\/wp\/v2\/users\/1"}],"replies":[{"embeddable":true,"href":"http:\/\/www.tendm.net\/index.php\/wp-json\/wp\/v2\/comments?post=1994"}],"version-history":[{"count":4,"href":"http:\/\/www.tendm.net\/index.php\/wp-json\/wp\/v2\/pages\/1994\/revisions"}],"predecessor-version":[{"id":5971,"href":"http:\/\/www.tendm.net\/index.php\/wp-json\/wp\/v2\/pages\/1994\/revisions\/5971"}],"wp:featuredmedia":[{"embeddable":true,"href":"http:\/\/www.tendm.net\/index.php\/wp-json\/wp\/v2\/media\/1996"}],"wp:attachment":[{"href":"http:\/\/www.tendm.net\/index.php\/wp-json\/wp\/v2\/media?parent=1994"}],"curies":[{"name":"wp","href":"https:\/\/api.w.org\/{rel}","templated":true}]}}