{"id":2713,"date":"2016-11-03T14:16:49","date_gmt":"2016-11-03T13:16:49","guid":{"rendered":"http:\/\/www.tendm.net\/?page_id=2713"},"modified":"2018-11-04T15:01:31","modified_gmt":"2018-11-04T14:01:31","slug":"bubble-love-photographie","status":"publish","type":"page","link":"http:\/\/www.tendm.net\/index.php\/bubble-love-photographie\/","title":{"rendered":"Bubble Love Photographie"},"content":{"rendered":"<h2 style=\"text-align: center;\"><span style=\"color: #808080;\">\u00ab\u00a0Les souvenirs des plus grands \u00e9v\u00e9nements de la vie\u00a0\u00bb<\/span><\/h2>\n<p>&nbsp;<\/p>\n<p><span style=\"color: #808080;\"><strong>Qui suis-je?\u00a0<\/strong><\/span><\/p>\n<p>Je m\u2019appelle <strong>G\u00e9raldine,<\/strong> je suis n\u00e9e \u00e0 Paris, j\u2019ai 35 ans, je vis avec un homme sexy et un b\u00e9b\u00e9 tout blond qui me faire rire chaque jour. Apr\u00e8s plusieurs escales me voil\u00e0 install\u00e9e \u00e0 Toulouse depuis 6 ans o\u00f9 je m\u2019\u00e9panouis professionnellement et dans ma vie de famille.<\/p>\n<p>Je travaille dans le milieu de la photo depuis presque 15 ans mais \u00e0 l\u2019\u00e9poque c\u2019est les mains dans la chimie que je m\u2019\u00e9clatais au quotidien. Je me suis dirig\u00e9e naturellement vers la prise de vue lorsque le m\u00e9tier de la photo a \u00e9volu\u00e9 avec l\u2019arriv\u00e9e du num\u00e9rique.<\/p>\n<p>J\u2019ai cr\u00e9\u00e9 <strong>Bubble Love Photographie<\/strong> en Juin 2013. Mon activit\u00e9 consiste \u00e0 offrir de magnifiques souvenirs des plus grands \u00e9v\u00e9nements d\u2019une vie. Un mariage, une maternit\u00e9, une naissance rythment avec beaucoup de joie et de complicit\u00e9 mon activit\u00e9 au quotidien.<\/p>\n<p>Je d\u00e9couvre chaque jour une nouvelle facette de ce m\u00e9tier. J\u2019appr\u00e9cie les belles rencontres que j\u2019y fais, la confiance qui s\u2019installe entre elles et moi. J\u2019aime voir tout l\u2019amour que mes mari\u00e9s se portent, j\u2019aime les bonnes ambiances pleines de rires.<br \/>\nEt quand je regarde mon reportage photo, j\u2019aime trouver l\u2019image qui exprime tout \u00e7a en m\u00eame temps.<\/p>\n<p style=\"text-align: center;\"><span style=\"color: #808080;\"><strong>Contact :<br \/>\nG\u00e9raldine Buis <\/strong><\/span><br \/>\n<span style=\"color: #808080;\"><strong>Bubble Love Photographie<\/strong><\/span><br \/>\n<span style=\"color: #808080;\">2 Place Jean Colombies<\/span><br \/>\n<span style=\"color: #808080;\"><span style=\"font-size: 1.125em;\">31550 Cintegabelle<\/span><\/span><br \/>\n<span style=\"color: #808080;\"><strong>Tel:<\/strong> 06 20 05 77 02<\/span><br \/>\n<span style=\"color: #808080;\"><a style=\"color: #808080;\" href=\"http:\/\/www.bubblelove.fr\">www.bubblelove.fr<\/a><\/span><br \/>\n<span style=\"color: #808080;\"><a style=\"color: #808080;\" href=\"mailto:bubblelovephotography@gmail.com\">bubblelovephotography@gmail.com<\/a><\/span><br \/>\n<span style=\"color: #808080;\"><strong><span style=\"color: #808080;\"><a style=\"color: #808080;\" href=\"http:\/\/www.facebook.com\/bubblelovephotography\">Facebook<\/a><\/span><br \/>\n<\/strong><a style=\"color: #808080;\" href=\"https:\/\/www.instagram.com\/bubblelovephotographie\/\"><strong>Instagram<\/strong><\/a><\/span><\/p>\n<p class=\"jetpack-slideshow-noscript robots-nocontent\">Ce diaporama n\u00e9cessite JavaScript.<\/p><div id=\"gallery-2713-1-slideshow\" class=\"jetpack-slideshow-window jetpack-slideshow jetpack-slideshow-black\" data-trans=\"fade\" data-autostart=\"1\" data-gallery=\"[{&quot;src&quot;:&quot;https:\\\/\\\/i0.wp.com\\\/www.tendm.net\\\/wp-content\\\/uploads\\\/2016\\\/11\\\/DSC_0674.jpg?fit=1024%2C1024&quot;,&quot;id&quot;:&quot;2715&quot;,&quot;title&quot;:&quot;dsc_0674&quot;,&quot;alt&quot;:&quot;&quot;,&quot;caption&quot;:&quot;&quot;,&quot;itemprop&quot;:&quot;image&quot;},{&quot;src&quot;:&quot;https:\\\/\\\/i0.wp.com\\\/www.tendm.net\\\/wp-content\\\/uploads\\\/2016\\\/11\\\/DSC_1597.jpg?fit=1024%2C681&quot;,&quot;id&quot;:&quot;2716&quot;,&quot;title&quot;:&quot;dsc_1597&quot;,&quot;alt&quot;:&quot;&quot;,&quot;caption&quot;:&quot;&quot;,&quot;itemprop&quot;:&quot;image&quot;},{&quot;src&quot;:&quot;https:\\\/\\\/i0.wp.com\\\/www.tendm.net\\\/wp-content\\\/uploads\\\/2016\\\/11\\\/DSC_3127.jpg?fit=681%2C1024&quot;,&quot;id&quot;:&quot;2717&quot;,&quot;title&quot;:&quot;dsc_3127&quot;,&quot;alt&quot;:&quot;&quot;,&quot;caption&quot;:&quot;&quot;,&quot;itemprop&quot;:&quot;image&quot;},{&quot;src&quot;:&quot;https:\\\/\\\/i0.wp.com\\\/www.tendm.net\\\/wp-content\\\/uploads\\\/2016\\\/11\\\/DSC_4478.jpg?fit=1024%2C681&quot;,&quot;id&quot;:&quot;2718&quot;,&quot;title&quot;:&quot;dsc_4478&quot;,&quot;alt&quot;:&quot;&quot;,&quot;caption&quot;:&quot;&quot;,&quot;itemprop&quot;:&quot;image&quot;},{&quot;src&quot;:&quot;https:\\\/\\\/i0.wp.com\\\/www.tendm.net\\\/wp-content\\\/uploads\\\/2016\\\/11\\\/DSC_6026.jpg?fit=1024%2C681&quot;,&quot;id&quot;:&quot;2720&quot;,&quot;title&quot;:&quot;dsc_6026&quot;,&quot;alt&quot;:&quot;&quot;,&quot;caption&quot;:&quot;&quot;,&quot;itemprop&quot;:&quot;image&quot;},{&quot;src&quot;:&quot;https:\\\/\\\/i0.wp.com\\\/www.tendm.net\\\/wp-content\\\/uploads\\\/2016\\\/11\\\/DSC_6555.jpg?fit=1024%2C684&quot;,&quot;id&quot;:&quot;2721&quot;,&quot;title&quot;:&quot;dsc_6555&quot;,&quot;alt&quot;:&quot;&quot;,&quot;caption&quot;:&quot;&quot;,&quot;itemprop&quot;:&quot;image&quot;},{&quot;src&quot;:&quot;https:\\\/\\\/i0.wp.com\\\/www.tendm.net\\\/wp-content\\\/uploads\\\/2016\\\/11\\\/DSC_6683.jpg?fit=1024%2C681&quot;,&quot;id&quot;:&quot;2722&quot;,&quot;title&quot;:&quot;dsc_6683&quot;,&quot;alt&quot;:&quot;&quot;,&quot;caption&quot;:&quot;&quot;,&quot;itemprop&quot;:&quot;image&quot;},{&quot;src&quot;:&quot;https:\\\/\\\/i0.wp.com\\\/www.tendm.net\\\/wp-content\\\/uploads\\\/2016\\\/11\\\/DSC_6746.jpg?fit=1024%2C506&quot;,&quot;id&quot;:&quot;2723&quot;,&quot;title&quot;:&quot;dsc_6746&quot;,&quot;alt&quot;:&quot;&quot;,&quot;caption&quot;:&quot;&quot;,&quot;itemprop&quot;:&quot;image&quot;},{&quot;src&quot;:&quot;https:\\\/\\\/i0.wp.com\\\/www.tendm.net\\\/wp-content\\\/uploads\\\/2016\\\/11\\\/DSC_6768.jpg?fit=681%2C1024&quot;,&quot;id&quot;:&quot;2724&quot;,&quot;title&quot;:&quot;dsc_6768&quot;,&quot;alt&quot;:&quot;&quot;,&quot;caption&quot;:&quot;&quot;,&quot;itemprop&quot;:&quot;image&quot;},{&quot;src&quot;:&quot;https:\\\/\\\/i0.wp.com\\\/www.tendm.net\\\/wp-content\\\/uploads\\\/2016\\\/11\\\/DSC_6781.jpg?fit=684%2C1024&quot;,&quot;id&quot;:&quot;2725&quot;,&quot;title&quot;:&quot;dsc_6781&quot;,&quot;alt&quot;:&quot;&quot;,&quot;caption&quot;:&quot;&quot;,&quot;itemprop&quot;:&quot;image&quot;},{&quot;src&quot;:&quot;https:\\\/\\\/i0.wp.com\\\/www.tendm.net\\\/wp-content\\\/uploads\\\/2016\\\/11\\\/DSC_9836.jpg?fit=1024%2C681&quot;,&quot;id&quot;:&quot;2726&quot;,&quot;title&quot;:&quot;dsc_9836&quot;,&quot;alt&quot;:&quot;&quot;,&quot;caption&quot;:&quot;&quot;,&quot;itemprop&quot;:&quot;image&quot;},{&quot;src&quot;:&quot;https:\\\/\\\/i0.wp.com\\\/www.tendm.net\\\/wp-content\\\/uploads\\\/2016\\\/11\\\/MalouPaul-150.jpg?fit=682%2C1024&quot;,&quot;id&quot;:&quot;2727&quot;,&quot;title&quot;:&quot;maloupaul-150&quot;,&quot;alt&quot;:&quot;&quot;,&quot;caption&quot;:&quot;&quot;,&quot;itemprop&quot;:&quot;image&quot;},{&quot;src&quot;:&quot;https:\\\/\\\/i0.wp.com\\\/www.tendm.net\\\/wp-content\\\/uploads\\\/2016\\\/11\\\/MalouPaul-392.jpg?fit=1024%2C681&quot;,&quot;id&quot;:&quot;2728&quot;,&quot;title&quot;:&quot;maloupaul-392&quot;,&quot;alt&quot;:&quot;&quot;,&quot;caption&quot;:&quot;Photos&quot;,&quot;itemprop&quot;:&quot;image&quot;}]\" itemscope itemtype=\"https:\/\/schema.org\/ImageGallery\"><\/div>\n","protected":false},"excerpt":{"rendered":"<p>\u00ab\u00a0Les souvenirs des plus grands \u00e9v\u00e9nements de la vie\u00a0\u00bb &nbsp; Qui suis-je?\u00a0 Je m\u2019appelle G\u00e9raldine, je suis n\u00e9e \u00e0 Paris, j\u2019ai 35 ans, je vis avec un homme sexy et un b\u00e9b\u00e9 tout blond qui me faire rire chaque jour. Apr\u00e8s plusieurs escales me voil\u00e0 install\u00e9e \u00e0 Toulouse depuis 6 ans o\u00f9 je m\u2019\u00e9panouis professionnellement [&hellip;]<\/p>\n","protected":false},"author":1,"featured_media":6899,"parent":0,"menu_order":0,"comment_status":"closed","ping_status":"closed","template":"","meta":{"footnotes":""},"jetpack_sharing_enabled":true,"jetpack_shortlink":"https:\/\/wp.me\/P70bXT-HL","jetpack-related-posts":[],"_links":{"self":[{"href":"http:\/\/www.tendm.net\/index.php\/wp-json\/wp\/v2\/pages\/2713"}],"collection":[{"href":"http:\/\/www.tendm.net\/index.php\/wp-json\/wp\/v2\/pages"}],"about":[{"href":"http:\/\/www.tendm.net\/index.php\/wp-json\/wp\/v2\/types\/page"}],"author":[{"embeddable":true,"href":"http:\/\/www.tendm.net\/index.php\/wp-json\/wp\/v2\/users\/1"}],"replies":[{"embeddable":true,"href":"http:\/\/www.tendm.net\/index.php\/wp-json\/wp\/v2\/comments?post=2713"}],"version-history":[{"count":4,"href":"http:\/\/www.tendm.net\/index.php\/wp-json\/wp\/v2\/pages\/2713\/revisions"}],"predecessor-version":[{"id":6900,"href":"http:\/\/www.tendm.net\/index.php\/wp-json\/wp\/v2\/pages\/2713\/revisions\/6900"}],"wp:featuredmedia":[{"embeddable":true,"href":"http:\/\/www.tendm.net\/index.php\/wp-json\/wp\/v2\/media\/6899"}],"wp:attachment":[{"href":"http:\/\/www.tendm.net\/index.php\/wp-json\/wp\/v2\/media?parent=2713"}],"curies":[{"name":"wp","href":"https:\/\/api.w.org\/{rel}","templated":true}]}}