{"id":3261,"date":"2016-11-23T11:28:27","date_gmt":"2016-11-23T10:28:27","guid":{"rendered":"http:\/\/www.tendm.net\/?page_id=3261"},"modified":"2017-01-11T15:08:35","modified_gmt":"2017-01-11T14:08:35","slug":"domaine-le-castelet","status":"publish","type":"page","link":"http:\/\/www.tendm.net\/index.php\/domaine-le-castelet\/","title":{"rendered":"DOMAINE LE CASTELET"},"content":{"rendered":"<p>&nbsp;<\/p>\n<p><a href=\"https:\/\/i0.wp.com\/www.tendm.net\/wp-content\/uploads\/2016\/11\/Fa\u00e7adeJLS114-1.jpg\"><img fetchpriority=\"high\" decoding=\"async\" data-attachment-id=\"3266\" data-permalink=\"http:\/\/www.tendm.net\/index.php\/domaine-le-castelet\/facadejls114-1\/\" data-orig-file=\"https:\/\/i0.wp.com\/www.tendm.net\/wp-content\/uploads\/2016\/11\/Fa\u00e7adeJLS114-1.jpg?fit=900%2C411\" data-orig-size=\"900,411\" data-comments-opened=\"1\" data-image-meta=\"{&quot;aperture&quot;:&quot;8&quot;,&quot;credit&quot;:&quot;&quot;,&quot;camera&quot;:&quot;Canon EOS-1Ds Mark III&quot;,&quot;caption&quot;:&quot;&quot;,&quot;created_timestamp&quot;:&quot;1370606060&quot;,&quot;copyright&quot;:&quot;&quot;,&quot;focal_length&quot;:&quot;24&quot;,&quot;iso&quot;:&quot;125&quot;,&quot;shutter_speed&quot;:&quot;0.005&quot;,&quot;title&quot;:&quot;&quot;,&quot;orientation&quot;:&quot;0&quot;}\" data-image-title=\"facadejls114-1\" data-image-description=\"\" data-image-caption=\"\" data-medium-file=\"https:\/\/i0.wp.com\/www.tendm.net\/wp-content\/uploads\/2016\/11\/Fa\u00e7adeJLS114-1.jpg?fit=300%2C137\" data-large-file=\"https:\/\/i0.wp.com\/www.tendm.net\/wp-content\/uploads\/2016\/11\/Fa\u00e7adeJLS114-1.jpg?fit=900%2C411\" class=\"aligncenter wp-image-3266\" src=\"https:\/\/i0.wp.com\/www.tendm.net\/wp-content\/uploads\/2016\/11\/Fa\u00e7adeJLS114-1.jpg?resize=401%2C183\" alt=\"facadejls114-1\" width=\"401\" height=\"183\" srcset=\"https:\/\/i0.wp.com\/www.tendm.net\/wp-content\/uploads\/2016\/11\/Fa\u00e7adeJLS114-1.jpg?resize=300%2C137 300w, https:\/\/i0.wp.com\/www.tendm.net\/wp-content\/uploads\/2016\/11\/Fa\u00e7adeJLS114-1.jpg?resize=768%2C351 768w, https:\/\/i0.wp.com\/www.tendm.net\/wp-content\/uploads\/2016\/11\/Fa\u00e7adeJLS114-1.jpg?w=900 900w\" sizes=\"(max-width: 401px) 100vw, 401px\" data-recalc-dims=\"1\" \/><\/a><\/p>\n<p>&nbsp;<\/p>\n<h1 style=\"text-align: center;\">Domaine Le Castelet, un lieu parfait pour votre r\u00e9ception de mariage !<\/h1>\n<p>&nbsp;<\/p>\n<p><strong>Qui \u00eates vous?<br \/>\n<\/strong>Nich\u00e9 sur les hauteurs de Castres, au centre de for\u00eats plusieurs fois centenaires, Domaine Le Castelet est \u00e0 vous le temps d\u2019un week-end.<br \/>\nVous pourrez organiser \u00ab le plus beau jour de votre vie \u00bb dans nos salles de r\u00e9ception ou dans notre parc. Vous pourrez y s\u00e9journer avec vos proches et profiter pleinement des diff\u00e9rents espaces \u2013 large piscine, salon de billard, salle de jeu, sauna&#8230;<br \/>\nNous vous donnons l\u2019exclusivit\u00e9 du lieu et mettrons tout en \u0153uvre pour faire de ce moment une in\u00e9vitable r\u00e9ussite.<\/p>\n<p><strong>DOMAINE LE CASTELET<br \/>\n<\/strong><strong style=\"font-size: 1.125em;\">Adresse:\u00a0<\/strong><span style=\"font-size: 1.125em;\">Lieu-dit Le Castelet<br \/>\n<\/span><span style=\"font-size: 1.125em;\">Chemin du Castelet<br \/>\n<\/span><strong style=\"font-size: 1.125em;\">T\u00e9l\u00e9phone:\u00a0<\/strong><span style=\"font-size: 1.125em;\">05 63 35 96 27<br \/>\n<\/span><strong style=\"font-size: 1.125em;\">Site internet:\u00a0<\/strong><a style=\"font-size: 1.125em;\" href=\"http:\/\/www.lecastelet-events.com\">www.lecastelet-events.com<br \/>\n<\/a><strong style=\"font-size: 1.125em;\">Mail:<\/strong><span style=\"font-size: 1.125em;\">\u00a0<\/span><a style=\"font-size: 1.125em;\" href=\"mailto:contact@lecastelet.fr\">contact@lecastelet.fr<br \/>\n<\/a><strong>Nom du contact:\u00a0<\/strong>Suzy Daninthe<br \/>\n<strong>Facebook:\u00a0<\/strong><strong><em><a href=\"https:\/\/www.facebook.com\/domainelecastelet\/\">facebook.com\/domainelecastelet<br \/>\n<\/a>Google + :\u00a0<a href=\"https:\/\/plus.google.com\/+LeCastelet\">https:\/\/plus.google.com\/+LeCastelet<br \/>\n<\/a>Instagram:<a href=\"http:\/\/www.instagram.com\/lecastelet\">\u00a0<\/a><\/em><\/strong><a href=\"http:\/\/www.instagram.com\/lecastelet\">www.instagram.com\/lecastelet<br \/>\n<\/a><strong><em>Pinterest:\u00a0<a href=\"https:\/\/fr.pinterest.com\/lecastelet\">https:\/\/fr.pinterest.com\/lecastelet<\/a><br \/>\n<\/em><\/strong><\/p>\n<p class=\"jetpack-slideshow-noscript robots-nocontent\">Ce diaporama n\u00e9cessite JavaScript.<\/p><div id=\"gallery-3261-1-slideshow\" class=\"jetpack-slideshow-window jetpack-slideshow jetpack-slideshow-black\" data-trans=\"fade\" data-autostart=\"1\" data-gallery=\"[{&quot;src&quot;:&quot;https:\\\/\\\/i0.wp.com\\\/www.tendm.net\\\/wp-content\\\/uploads\\\/2016\\\/11\\\/Herbiers-entiereJLS013.jpg?fit=1024%2C682&quot;,&quot;id&quot;:&quot;3262&quot;,&quot;title&quot;:&quot;herbiers-entierejls013&quot;,&quot;alt&quot;:&quot;&quot;,&quot;caption&quot;:&quot;&quot;,&quot;itemprop&quot;:&quot;image&quot;},{&quot;src&quot;:&quot;https:\\\/\\\/i0.wp.com\\\/www.tendm.net\\\/wp-content\\\/uploads\\\/2016\\\/11\\\/Le-Castelet-salles-gites-chambres-dhotes-Tarn.jpg?fit=1024%2C683&quot;,&quot;id&quot;:&quot;3263&quot;,&quot;title&quot;:&quot;le-castelet-salles-gites-chambres-dhotes-tarn&quot;,&quot;alt&quot;:&quot;&quot;,&quot;caption&quot;:&quot;Lieu&quot;,&quot;itemprop&quot;:&quot;image&quot;},{&quot;src&quot;:&quot;https:\\\/\\\/i0.wp.com\\\/www.tendm.net\\\/wp-content\\\/uploads\\\/2016\\\/11\\\/Mariage-nov-Le-Castelet.jpg?fit=1024%2C683&quot;,&quot;id&quot;:&quot;3264&quot;,&quot;title&quot;:&quot;mariage-nov-le-castelet&quot;,&quot;alt&quot;:&quot;&quot;,&quot;caption&quot;:&quot;&quot;,&quot;itemprop&quot;:&quot;image&quot;},{&quot;src&quot;:&quot;https:\\\/\\\/i0.wp.com\\\/www.tendm.net\\\/wp-content\\\/uploads\\\/2016\\\/11\\\/Mariage-Rouge-blanc.jpg?fit=1024%2C768&quot;,&quot;id&quot;:&quot;3265&quot;,&quot;title&quot;:&quot;mariage-rouge-blanc&quot;,&quot;alt&quot;:&quot;&quot;,&quot;caption&quot;:&quot;&quot;,&quot;itemprop&quot;:&quot;image&quot;}]\" itemscope itemtype=\"https:\/\/schema.org\/ImageGallery\"><\/div>\n","protected":false},"excerpt":{"rendered":"<p>&nbsp; &nbsp; Domaine Le Castelet, un lieu parfait pour votre r\u00e9ception de mariage ! &nbsp; Qui \u00eates vous? Nich\u00e9 sur les hauteurs de Castres, au centre de for\u00eats plusieurs fois centenaires, Domaine Le Castelet est \u00e0 vous le temps d\u2019un week-end. Vous pourrez organiser \u00ab le plus beau jour de votre vie \u00bb dans nos [&hellip;]<\/p>\n","protected":false},"author":1,"featured_media":0,"parent":0,"menu_order":0,"comment_status":"closed","ping_status":"closed","template":"page-full-width.php","meta":{"footnotes":""},"jetpack_sharing_enabled":true,"jetpack_shortlink":"https:\/\/wp.me\/P70bXT-QB","jetpack-related-posts":[],"_links":{"self":[{"href":"http:\/\/www.tendm.net\/index.php\/wp-json\/wp\/v2\/pages\/3261"}],"collection":[{"href":"http:\/\/www.tendm.net\/index.php\/wp-json\/wp\/v2\/pages"}],"about":[{"href":"http:\/\/www.tendm.net\/index.php\/wp-json\/wp\/v2\/types\/page"}],"author":[{"embeddable":true,"href":"http:\/\/www.tendm.net\/index.php\/wp-json\/wp\/v2\/users\/1"}],"replies":[{"embeddable":true,"href":"http:\/\/www.tendm.net\/index.php\/wp-json\/wp\/v2\/comments?post=3261"}],"version-history":[{"count":5,"href":"http:\/\/www.tendm.net\/index.php\/wp-json\/wp\/v2\/pages\/3261\/revisions"}],"predecessor-version":[{"id":4066,"href":"http:\/\/www.tendm.net\/index.php\/wp-json\/wp\/v2\/pages\/3261\/revisions\/4066"}],"wp:attachment":[{"href":"http:\/\/www.tendm.net\/index.php\/wp-json\/wp\/v2\/media?parent=3261"}],"curies":[{"name":"wp","href":"https:\/\/api.w.org\/{rel}","templated":true}]}}

<p>&nbsp;</p>
<p><a href="https://i0.wp.com/www.tendm.net/wp-content/uploads/2016/11/FaçadeJLS114-1.jpg"><img fetchpriority="high" decoding="async" data-attachment-id="3266" data-permalink="http://www.tendm.net/index.php/domaine-le-castelet/facadejls114-1/" data-orig-file="https://i0.wp.com/www.tendm.net/wp-content/uploads/2016/11/FaçadeJLS114-1.jpg?fit=900%2C411" data-orig-size="900,411" data-comments-opened="1" data-image-meta="{&quot;aperture&quot;:&quot;8&quot;,&quot;credit&quot;:&quot;&quot;,&quot;camera&quot;:&quot;Canon EOS-1Ds Mark III&quot;,&quot;caption&quot;:&quot;&quot;,&quot;created_timestamp&quot;:&quot;1370606060&quot;,&quot;copyright&quot;:&quot;&quot;,&quot;focal_length&quot;:&quot;24&quot;,&quot;iso&quot;:&quot;125&quot;,&quot;shutter_speed&quot;:&quot;0.005&quot;,&quot;title&quot;:&quot;&quot;,&quot;orientation&quot;:&quot;0&quot;}" data-image-title="facadejls114-1" data-image-description="" data-image-caption="" data-medium-file="https://i0.wp.com/www.tendm.net/wp-content/uploads/2016/11/FaçadeJLS114-1.jpg?fit=300%2C137" data-large-file="https://i0.wp.com/www.tendm.net/wp-content/uploads/2016/11/FaçadeJLS114-1.jpg?fit=900%2C411" class="aligncenter wp-image-3266" src="https://i0.wp.com/www.tendm.net/wp-content/uploads/2016/11/FaçadeJLS114-1.jpg?resize=401%2C183" alt="facadejls114-1" width="401" height="183" srcset="https://i0.wp.com/www.tendm.net/wp-content/uploads/2016/11/FaçadeJLS114-1.jpg?resize=300%2C137 300w, https://i0.wp.com/www.tendm.net/wp-content/uploads/2016/11/FaçadeJLS114-1.jpg?resize=768%2C351 768w, https://i0.wp.com/www.tendm.net/wp-content/uploads/2016/11/FaçadeJLS114-1.jpg?w=900 900w" sizes="(max-width: 401px) 100vw, 401px" data-recalc-dims="1" /></a></p>
<p>&nbsp;</p>
<h1 style="text-align: center;">Domaine Le Castelet, un lieu parfait pour votre réception de mariage !</h1>
<p>&nbsp;</p>
<p><strong>Qui êtes vous?<br />
</strong>Niché sur les hauteurs de Castres, au centre de forêts plusieurs fois centenaires, Domaine Le Castelet est à vous le temps d’un week-end.<br />
Vous pourrez organiser « le plus beau jour de votre vie » dans nos salles de réception ou dans notre parc. Vous pourrez y séjourner avec vos proches et profiter pleinement des différents espaces – large piscine, salon de billard, salle de jeu, sauna&#8230;<br />
Nous vous donnons l’exclusivité du lieu et mettrons tout en œuvre pour faire de ce moment une inévitable réussite.</p>
<p><strong>DOMAINE LE CASTELET<br />
</strong><strong style="font-size: 1.125em;">Adresse: </strong><span style="font-size: 1.125em;">Lieu-dit Le Castelet<br />
</span><span style="font-size: 1.125em;">Chemin du Castelet<br />
</span><strong style="font-size: 1.125em;">Téléphone: </strong><span style="font-size: 1.125em;">05 63 35 96 27<br />
</span><strong style="font-size: 1.125em;">Site internet: </strong><a style="font-size: 1.125em;" href="http://www.lecastelet-events.com">www.lecastelet-events.com<br />
</a><strong style="font-size: 1.125em;">Mail:</strong><span style="font-size: 1.125em;"> </span><a style="font-size: 1.125em;" href="mailto:contact@lecastelet.fr">contact@lecastelet.fr<br />
</a><strong>Nom du contact: </strong>Suzy Daninthe<br />
<strong>Facebook: </strong><strong><em><a href="https://www.facebook.com/domainelecastelet/">facebook.com/domainelecastelet<br />
</a>Google + : <a href="https://plus.google.com/+LeCastelet">https://plus.google.com/+LeCastelet<br />
</a>Instagram:<a href="http://www.instagram.com/lecastelet"> </a></em></strong><a href="http://www.instagram.com/lecastelet">www.instagram.com/lecastelet<br />
</a><strong><em>Pinterest: <a href="https://fr.pinterest.com/lecastelet">https://fr.pinterest.com/lecastelet</a><br />
</em></strong></p>
<p class="jetpack-slideshow-noscript robots-nocontent">Ce diaporama nécessite JavaScript.</p><div id="gallery-3261-1-slideshow" class="jetpack-slideshow-window jetpack-slideshow jetpack-slideshow-black" data-trans="fade" data-autostart="1" data-gallery="[{&quot;src&quot;:&quot;https:\/\/i0.wp.com\/www.tendm.net\/wp-content\/uploads\/2016\/11\/Herbiers-entiereJLS013.jpg?fit=1024%2C682&quot;,&quot;id&quot;:&quot;3262&quot;,&quot;title&quot;:&quot;herbiers-entierejls013&quot;,&quot;alt&quot;:&quot;&quot;,&quot;caption&quot;:&quot;&quot;,&quot;itemprop&quot;:&quot;image&quot;},{&quot;src&quot;:&quot;https:\/\/i0.wp.com\/www.tendm.net\/wp-content\/uploads\/2016\/11\/Le-Castelet-salles-gites-chambres-dhotes-Tarn.jpg?fit=1024%2C683&quot;,&quot;id&quot;:&quot;3263&quot;,&quot;title&quot;:&quot;le-castelet-salles-gites-chambres-dhotes-tarn&quot;,&quot;alt&quot;:&quot;&quot;,&quot;caption&quot;:&quot;Lieu&quot;,&quot;itemprop&quot;:&quot;image&quot;},{&quot;src&quot;:&quot;https:\/\/i0.wp.com\/www.tendm.net\/wp-content\/uploads\/2016\/11\/Mariage-nov-Le-Castelet.jpg?fit=1024%2C683&quot;,&quot;id&quot;:&quot;3264&quot;,&quot;title&quot;:&quot;mariage-nov-le-castelet&quot;,&quot;alt&quot;:&quot;&quot;,&quot;caption&quot;:&quot;&quot;,&quot;itemprop&quot;:&quot;image&quot;},{&quot;src&quot;:&quot;https:\/\/i0.wp.com\/www.tendm.net\/wp-content\/uploads\/2016\/11\/Mariage-Rouge-blanc.jpg?fit=1024%2C768&quot;,&quot;id&quot;:&quot;3265&quot;,&quot;title&quot;:&quot;mariage-rouge-blanc&quot;,&quot;alt&quot;:&quot;&quot;,&quot;caption&quot;:&quot;&quot;,&quot;itemprop&quot;:&quot;image&quot;}]" itemscope itemtype="https://schema.org/ImageGallery"></div>

<p>&nbsp; &nbsp; Domaine Le Castelet, un lieu parfait pour votre réception de mariage ! &nbsp; Qui êtes vous? Niché sur les hauteurs de Castres, au centre de forêts plusieurs fois centenaires, Domaine Le Castelet est à vous le temps d’un week-end. Vous pourrez organiser « le plus beau jour de votre vie » dans nos [&hellip;]</p>
