{"id":4635,"date":"2017-10-20T17:09:49","date_gmt":"2017-10-20T16:09:49","guid":{"rendered":"http:\/\/www.tendm.net\/?page_id=4635"},"modified":"2018-04-04T12:35:05","modified_gmt":"2018-04-04T11:35:05","slug":"village-castigno","status":"publish","type":"page","link":"http:\/\/www.tendm.net\/index.php\/village-castigno\/","title":{"rendered":"Village Castigno"},"content":{"rendered":"<h1><\/h1>\n<h1 style=\"text-align: center;\"><span style=\"color: #808080;\">\u00ab\u00a0Le Village Castigno, un havre de paix secret\u00a0\u00bb<\/span><\/h1>\n<p>Situ\u00e9 au c\u0153ur de l\u2019H\u00e9rault, sur les terres de l\u2019appellation \u00a0Saint-Chinian, le Village Castigno redonne vie aux plaisirs simples &#8211; entre vignes et garrigues. Un havre de paix secret\u00a0: \u00e0 Assignan, l\u2019Art de vivre est bien plus qu\u2019une philosophie. Ici, on \u00ab\u00a0d\u00e9connecte\u00a0\u00bb des technologies pour mieux se retrouver en couple ou en tribu autour d\u2019un verre de vin bio. \u00a0Au programme\u00a0: profiter de nos exp\u00e9riences in\u00e9dites, d\u00e9couvrir nos 3 restaurants et leurs plats faits maison, s\u00e9journer dans l\u2019une de nos suites 5* nich\u00e9e dans des anciennes \u00e9curies\u2026.<\/p>\n<p>Notre village devient le v\u00f4tre pour le plus beau jour de votre vie\u00a0! Un cadre privil\u00e9gi\u00e9 et authentique pour une c\u00e9l\u00e9bration ne ressemblant \u00e0 aucune autre. Esprit boh\u00e8me, champ\u00eatre, toujours chic, notre service de wedding planner cr\u00e9\u00e9 \u00e0 vos c\u00f4t\u00e9s le mariage de vos r\u00eaves \u00ab\u00a0 cl\u00e9s en main\u00a0\u00bb et plus encore.<\/p>\n<p><strong>Services propos\u00e9s :<\/strong><\/p>\n<ul>\n<li>H\u00e9bergement et privatisation du village (50 personnes)<\/li>\n<li>Large choix de restauration et r\u00e9ception<\/li>\n<li>Exp\u00e9riences et activit\u00e9s<\/li>\n<li>Wedding planning et service de conciergerie<\/li>\n<\/ul>\n<p style=\"text-align: center;\"><span style=\"color: #808080;\"><strong>Contact :<br \/>\n<\/strong>Elsa Manelphe de Wailly<\/span><br \/>\n<span style=\"color: #808080;\"> 04 67 24 26 41<\/span><br \/>\n<span style=\"color: #808080;\"> <a style=\"color: #808080;\" href=\"http:\/\/www.villagecastigno.com\">www.villagecastigno.com<\/a><\/span><br \/>\n<span style=\"color: #808080;\"> <a style=\"color: #808080;\" href=\"village@chateaucastigno.com\">village@chateaucastigno.com<br \/>\n<\/a>Village Castigno<\/span><br \/>\n<span style=\"color: #808080;\"> 34360, ASSIGNAN<\/span><br \/>\n<span style=\"color: #808080;\"><a style=\"color: #808080;\" href=\"https:\/\/www.instagram.com\/villagecastigno\/?hl=fr\">Instagram<\/a><\/span><br \/>\n<span style=\"color: #808080;\"> <a style=\"color: #808080;\" href=\"https:\/\/twitter.com\/ChateauCastigno?lang=fr\">Twitter<\/a><\/span><br \/>\n<span style=\"color: #808080;\"> <a style=\"color: #808080;\" href=\"https:\/\/www.facebook.com\/castigno\/\">Facebook<\/a><\/span><\/p>\n<p class=\"jetpack-slideshow-noscript robots-nocontent\">Ce diaporama n\u00e9cessite JavaScript.<\/p><div id=\"gallery-4635-1-slideshow\" class=\"jetpack-slideshow-window jetpack-slideshow jetpack-slideshow-black\" data-trans=\"fade\" data-autostart=\"1\" data-gallery=\"[{&quot;src&quot;:&quot;https:\\\/\\\/i0.wp.com\\\/www.tendm.net\\\/wp-content\\\/uploads\\\/2017\\\/10\\\/027.jpg?fit=1024%2C684&quot;,&quot;id&quot;:&quot;4636&quot;,&quot;title&quot;:&quot;027&quot;,&quot;alt&quot;:&quot;&quot;,&quot;caption&quot;:&quot;&quot;,&quot;itemprop&quot;:&quot;image&quot;},{&quot;src&quot;:&quot;https:\\\/\\\/i0.wp.com\\\/www.tendm.net\\\/wp-content\\\/uploads\\\/2017\\\/10\\\/037.jpg?fit=684%2C1024&quot;,&quot;id&quot;:&quot;4637&quot;,&quot;title&quot;:&quot;037&quot;,&quot;alt&quot;:&quot;&quot;,&quot;caption&quot;:&quot;&quot;,&quot;itemprop&quot;:&quot;image&quot;},{&quot;src&quot;:&quot;https:\\\/\\\/i0.wp.com\\\/www.tendm.net\\\/wp-content\\\/uploads\\\/2017\\\/10\\\/039.jpg?fit=1024%2C684&quot;,&quot;id&quot;:&quot;4638&quot;,&quot;title&quot;:&quot;039&quot;,&quot;alt&quot;:&quot;&quot;,&quot;caption&quot;:&quot;&quot;,&quot;itemprop&quot;:&quot;image&quot;},{&quot;src&quot;:&quot;https:\\\/\\\/i0.wp.com\\\/www.tendm.net\\\/wp-content\\\/uploads\\\/2017\\\/10\\\/063.jpg?fit=1024%2C684&quot;,&quot;id&quot;:&quot;4639&quot;,&quot;title&quot;:&quot;063&quot;,&quot;alt&quot;:&quot;&quot;,&quot;caption&quot;:&quot;&quot;,&quot;itemprop&quot;:&quot;image&quot;},{&quot;src&quot;:&quot;https:\\\/\\\/i0.wp.com\\\/www.tendm.net\\\/wp-content\\\/uploads\\\/2017\\\/10\\\/066.jpg?fit=683%2C1024&quot;,&quot;id&quot;:&quot;4640&quot;,&quot;title&quot;:&quot;066&quot;,&quot;alt&quot;:&quot;&quot;,&quot;caption&quot;:&quot;&quot;,&quot;itemprop&quot;:&quot;image&quot;},{&quot;src&quot;:&quot;https:\\\/\\\/i0.wp.com\\\/www.tendm.net\\\/wp-content\\\/uploads\\\/2017\\\/10\\\/130.jpg?fit=864%2C468&quot;,&quot;id&quot;:&quot;4641&quot;,&quot;title&quot;:&quot;130&quot;,&quot;alt&quot;:&quot;&quot;,&quot;caption&quot;:&quot;&quot;,&quot;itemprop&quot;:&quot;image&quot;},{&quot;src&quot;:&quot;https:\\\/\\\/i0.wp.com\\\/www.tendm.net\\\/wp-content\\\/uploads\\\/2017\\\/10\\\/353.jpg?fit=1024%2C684&quot;,&quot;id&quot;:&quot;4642&quot;,&quot;title&quot;:&quot;353&quot;,&quot;alt&quot;:&quot;&quot;,&quot;caption&quot;:&quot;&quot;,&quot;itemprop&quot;:&quot;image&quot;},{&quot;src&quot;:&quot;https:\\\/\\\/i0.wp.com\\\/www.tendm.net\\\/wp-content\\\/uploads\\\/2017\\\/10\\\/470.jpg?fit=864%2C504&quot;,&quot;id&quot;:&quot;4643&quot;,&quot;title&quot;:&quot;470&quot;,&quot;alt&quot;:&quot;&quot;,&quot;caption&quot;:&quot;&quot;,&quot;itemprop&quot;:&quot;image&quot;},{&quot;src&quot;:&quot;https:\\\/\\\/i0.wp.com\\\/www.tendm.net\\\/wp-content\\\/uploads\\\/2017\\\/10\\\/578.jpg?fit=1024%2C684&quot;,&quot;id&quot;:&quot;4644&quot;,&quot;title&quot;:&quot;578&quot;,&quot;alt&quot;:&quot;&quot;,&quot;caption&quot;:&quot;&quot;,&quot;itemprop&quot;:&quot;image&quot;},{&quot;src&quot;:&quot;https:\\\/\\\/i0.wp.com\\\/www.tendm.net\\\/wp-content\\\/uploads\\\/2017\\\/10\\\/230917__DSC06037.jpg?fit=684%2C1024&quot;,&quot;id&quot;:&quot;4645&quot;,&quot;title&quot;:&quot;230917__DSC06037&quot;,&quot;alt&quot;:&quot;&quot;,&quot;caption&quot;:&quot;&quot;,&quot;itemprop&quot;:&quot;image&quot;},{&quot;src&quot;:&quot;https:\\\/\\\/i0.wp.com\\\/www.tendm.net\\\/wp-content\\\/uploads\\\/2017\\\/10\\\/240917__DSC06088.jpg?fit=684%2C1024&quot;,&quot;id&quot;:&quot;4646&quot;,&quot;title&quot;:&quot;240917__DSC06088&quot;,&quot;alt&quot;:&quot;&quot;,&quot;caption&quot;:&quot;&quot;,&quot;itemprop&quot;:&quot;image&quot;},{&quot;src&quot;:&quot;https:\\\/\\\/i0.wp.com\\\/www.tendm.net\\\/wp-content\\\/uploads\\\/2017\\\/10\\\/16665581_1323202691034442_7878675794747644364_o.jpg?fit=1011%2C675&quot;,&quot;id&quot;:&quot;4647&quot;,&quot;title&quot;:&quot;16665581_1323202691034442_7878675794747644364_o&quot;,&quot;alt&quot;:&quot;&quot;,&quot;caption&quot;:&quot;&quot;,&quot;itemprop&quot;:&quot;image&quot;},{&quot;src&quot;:&quot;https:\\\/\\\/i0.wp.com\\\/www.tendm.net\\\/wp-content\\\/uploads\\\/2017\\\/10\\\/CJ-57.jpg?fit=683%2C1024&quot;,&quot;id&quot;:&quot;4648&quot;,&quot;title&quot;:&quot;C\\u0026#038;J-57&quot;,&quot;alt&quot;:&quot;&quot;,&quot;caption&quot;:&quot;&quot;,&quot;itemprop&quot;:&quot;image&quot;},{&quot;src&quot;:&quot;https:\\\/\\\/i0.wp.com\\\/www.tendm.net\\\/wp-content\\\/uploads\\\/2017\\\/10\\\/CJ-63.jpg?fit=683%2C1024&quot;,&quot;id&quot;:&quot;4649&quot;,&quot;title&quot;:&quot;C\\u0026#038;J-63&quot;,&quot;alt&quot;:&quot;&quot;,&quot;caption&quot;:&quot;&quot;,&quot;itemprop&quot;:&quot;image&quot;},{&quot;src&quot;:&quot;https:\\\/\\\/i0.wp.com\\\/www.tendm.net\\\/wp-content\\\/uploads\\\/2017\\\/10\\\/CJ-760.jpg?fit=1024%2C683&quot;,&quot;id&quot;:&quot;4650&quot;,&quot;title&quot;:&quot;C\\u0026#038;J-760&quot;,&quot;alt&quot;:&quot;&quot;,&quot;caption&quot;:&quot;&quot;,&quot;itemprop&quot;:&quot;image&quot;},{&quot;src&quot;:&quot;https:\\\/\\\/i0.wp.com\\\/www.tendm.net\\\/wp-content\\\/uploads\\\/2017\\\/10\\\/CJ-793.jpg?fit=1024%2C683&quot;,&quot;id&quot;:&quot;4651&quot;,&quot;title&quot;:&quot;C\\u0026#038;J-793&quot;,&quot;alt&quot;:&quot;&quot;,&quot;caption&quot;:&quot;&quot;,&quot;itemprop&quot;:&quot;image&quot;},{&quot;src&quot;:&quot;https:\\\/\\\/i0.wp.com\\\/www.tendm.net\\\/wp-content\\\/uploads\\\/2017\\\/10\\\/Cast_Jan15_Lifestyle-360_RT.jpg?fit=405%2C270&quot;,&quot;id&quot;:&quot;4652&quot;,&quot;title&quot;:&quot;Cast_Jan15_Lifestyle-360_RT&quot;,&quot;alt&quot;:&quot;&quot;,&quot;caption&quot;:&quot;&quot;,&quot;itemprop&quot;:&quot;image&quot;},{&quot;src&quot;:&quot;https:\\\/\\\/i0.wp.com\\\/www.tendm.net\\\/wp-content\\\/uploads\\\/2017\\\/10\\\/Castigno_Tent_531.jpg?fit=683%2C1024&quot;,&quot;id&quot;:&quot;4653&quot;,&quot;title&quot;:&quot;Castigno_Tent_531&quot;,&quot;alt&quot;:&quot;&quot;,&quot;caption&quot;:&quot;&quot;,&quot;itemprop&quot;:&quot;image&quot;},{&quot;src&quot;:&quot;https:\\\/\\\/i0.wp.com\\\/www.tendm.net\\\/wp-content\\\/uploads\\\/2017\\\/10\\\/gallery-junior-5.jpg?fit=1024%2C493&quot;,&quot;id&quot;:&quot;4654&quot;,&quot;title&quot;:&quot;gallery-junior-5&quot;,&quot;alt&quot;:&quot;&quot;,&quot;caption&quot;:&quot;&quot;,&quot;itemprop&quot;:&quot;image&quot;},{&quot;src&quot;:&quot;https:\\\/\\\/i0.wp.com\\\/www.tendm.net\\\/wp-content\\\/uploads\\\/2017\\\/10\\\/gallery-prestige-suite-2.jpg?fit=1024%2C493&quot;,&quot;id&quot;:&quot;4655&quot;,&quot;title&quot;:&quot;gallery-prestige-suite-2&quot;,&quot;alt&quot;:&quot;&quot;,&quot;caption&quot;:&quot;&quot;,&quot;itemprop&quot;:&quot;image&quot;},{&quot;src&quot;:&quot;https:\\\/\\\/i0.wp.com\\\/www.tendm.net\\\/wp-content\\\/uploads\\\/2017\\\/10\\\/gallery-room-prestige-1.jpg?fit=1024%2C493&quot;,&quot;id&quot;:&quot;4656&quot;,&quot;title&quot;:&quot;gallery-room-prestige-1&quot;,&quot;alt&quot;:&quot;&quot;,&quot;caption&quot;:&quot;&quot;,&quot;itemprop&quot;:&quot;image&quot;},{&quot;src&quot;:&quot;https:\\\/\\\/i0.wp.com\\\/www.tendm.net\\\/wp-content\\\/uploads\\\/2017\\\/10\\\/mariage-au-village-castigno-c2a9-authentic-love-photography-57.jpg?fit=940%2C628&quot;,&quot;id&quot;:&quot;4657&quot;,&quot;title&quot;:&quot;mariage-au-village-castigno-c2a9-authentic-love-photography-57&quot;,&quot;alt&quot;:&quot;&quot;,&quot;caption&quot;:&quot;Lieu&quot;,&quot;itemprop&quot;:&quot;image&quot;},{&quot;src&quot;:&quot;https:\\\/\\\/i0.wp.com\\\/www.tendm.net\\\/wp-content\\\/uploads\\\/2017\\\/10\\\/VC_Jul15_RestauranteLaTable_defR-25-Copie.jpg?fit=935%2C624&quot;,&quot;id&quot;:&quot;4658&quot;,&quot;title&quot;:&quot;VC_Jul15_RestauranteLaTable_defR-25 \\u0026#8211; Copie&quot;,&quot;alt&quot;:&quot;&quot;,&quot;caption&quot;:&quot;&quot;,&quot;itemprop&quot;:&quot;image&quot;}]\" itemscope itemtype=\"https:\/\/schema.org\/ImageGallery\"><\/div>\n","protected":false},"excerpt":{"rendered":"<p>\u00ab\u00a0Le Village Castigno, un havre de paix secret\u00a0\u00bb Situ\u00e9 au c\u0153ur de l\u2019H\u00e9rault, sur les terres de l\u2019appellation \u00a0Saint-Chinian, le Village Castigno redonne vie aux plaisirs simples &#8211; entre vignes et garrigues. Un havre de paix secret\u00a0: \u00e0 Assignan, l\u2019Art de vivre est bien plus qu\u2019une philosophie. Ici, on \u00ab\u00a0d\u00e9connecte\u00a0\u00bb des technologies pour mieux se [&hellip;]<\/p>\n","protected":false},"author":1,"featured_media":4650,"parent":0,"menu_order":0,"comment_status":"closed","ping_status":"closed","template":"","meta":{"footnotes":""},"jetpack_sharing_enabled":true,"jetpack_shortlink":"https:\/\/wp.me\/P70bXT-1cL","jetpack-related-posts":[],"_links":{"self":[{"href":"http:\/\/www.tendm.net\/index.php\/wp-json\/wp\/v2\/pages\/4635"}],"collection":[{"href":"http:\/\/www.tendm.net\/index.php\/wp-json\/wp\/v2\/pages"}],"about":[{"href":"http:\/\/www.tendm.net\/index.php\/wp-json\/wp\/v2\/types\/page"}],"author":[{"embeddable":true,"href":"http:\/\/www.tendm.net\/index.php\/wp-json\/wp\/v2\/users\/1"}],"replies":[{"embeddable":true,"href":"http:\/\/www.tendm.net\/index.php\/wp-json\/wp\/v2\/comments?post=4635"}],"version-history":[{"count":6,"href":"http:\/\/www.tendm.net\/index.php\/wp-json\/wp\/v2\/pages\/4635\/revisions"}],"predecessor-version":[{"id":5920,"href":"http:\/\/www.tendm.net\/index.php\/wp-json\/wp\/v2\/pages\/4635\/revisions\/5920"}],"wp:featuredmedia":[{"embeddable":true,"href":"http:\/\/www.tendm.net\/index.php\/wp-json\/wp\/v2\/media\/4650"}],"wp:attachment":[{"href":"http:\/\/www.tendm.net\/index.php\/wp-json\/wp\/v2\/media?parent=4635"}],"curies":[{"name":"wp","href":"https:\/\/api.w.org\/{rel}","templated":true}]}}