{"id":4913,"date":"2017-10-23T11:44:30","date_gmt":"2017-10-23T10:44:30","guid":{"rendered":"http:\/\/www.tendm.net\/?page_id=4913"},"modified":"2018-04-04T14:13:44","modified_gmt":"2018-04-04T13:13:44","slug":"wednesday-wedding","status":"publish","type":"page","link":"http:\/\/www.tendm.net\/index.php\/wednesday-wedding\/","title":{"rendered":"Wednesday Wedding"},"content":{"rendered":"<h1 class=\"p1\" style=\"text-align: center;\"><span class=\"s1\" style=\"color: #808080;\">\u00ab\u00a0Anticonformisme, Authenticit\u00e9 et Artisanat sont nos mots d\u2019ordre.\u00a0\u00bb<\/span><\/h1>\n<p class=\"p1\" style=\"text-align: justify;\"><span class=\"s1\">C\u2019est avec beaucoup d\u2019attention et de plaisir que nous vous pr\u00e9sentons nos collections de robes de mari\u00e9es (c\u00e9r\u00e9monie \/ civil) au Showroom situ\u00e9 en plein c\u0153ur de Bordeaux. L\u2019endroit se veut confidentiel et\u00a0chaleureux.<br \/>\n<\/span><span class=\"s2\">Ce que nous aimons, vous \u00e9couter nous parler de votre projet de mariage, vos envies,\u00a0vos inspirations\u2026 pour vous proposer la pi\u00e8ce de notre collection qui vous sublimera\u00a0!<\/span><\/p>\n<p style=\"text-align: justify;\"><strong>Services propos\u00e9s :<\/strong><\/p>\n<p class=\"p1\" style=\"text-align: justify;\"><span class=\"s1\">Parce que notre mari\u00e9e veut danser, sauter, porter un toast\u2026 Tout simplement faire la f\u00eate. Nous proposons des tenues raffin\u00e9es, faciles \u00e0 porter et de grande qualit\u00e9 dans lesquelles vous enflammerez le dancefloor jusqu\u2019au petit matin\u2026<br \/>\n<\/span><span class=\"s1\">Bien entendu la maman, t\u00e9moins et amies seront elles aussi sous les projecteurs ! Nous cr\u00e9ons \u00e9galement des tenues de soir\u00e9e.<\/span><\/p>\n<p class=\"p2\" style=\"text-align: justify;\"><span class=\"s2\">\u00ab Selon nous, la future mari\u00e9e doit \u00eatre le reflet d\u2019elle-m\u00eame le jour de son mariage, il s\u2019agit d\u2019oser\u00a0porter la plus belle pi\u00e8ce qui corresponde \u00e0 son style, faite pour elle. En aucun cas la robe de mari\u00e9e doit\u00a0\u00eatre un uniforme mais bel et bien un accessoire qui embellit la personne et qui la repr\u00e9sente avec\u00a0justesse. \u00bb<\/span><\/p>\n<p style=\"text-align: justify;\"><strong>Autres informations :<\/strong><\/p>\n<p class=\"p1\" style=\"text-align: justify;\"><span class=\"s1\">Notre mari\u00e9e aime faire tourner sa robe, les paillettes, le rouge \u00e0 l\u00e8vres\u2026<\/span><span class=\"s2\"><br \/>\n<\/span><span class=\"s1\">C\u2019est une femme de caract\u00e8re, \u00e9mancip\u00e9e et d\u00e9licate. Elle rit aux \u00e9clats parce qu\u2019elle est joyeuse,\u00a0f\u00eatarde, enthousiaste. Elle chante (faux) mais peu importe, tout ce qui compte\u2026 Se faire plaisir!<\/span><span class=\"s2\"><br \/>\n<\/span><span class=\"s1\">Selon elle, le mariage id\u00e9al est intimiste, et compte uniquement les personnes qu\u2019elle et son\u00a0homme aiment. Une c\u00e9r\u00e9monie simple, \u00e9mouvante mais bien entendu l\u2019ambiance, la d\u00e9coration,\u00a0les fleurs, tous ces petits d\u00e9tails sont tr\u00e8s importants \u00e0 ses yeux\u2026<\/span><span class=\"s2\"><br \/>\n<\/span><span class=\"s1\">Elle se marie car ensemble, ils veulent tout simplement dire haut et fort qu\u2019ils s\u2019aiment devant leurs\u00a0proches. C\u2019est l\u2019occasion de c\u00e9l\u00e9brer une union forte de sens et d\u2019engagement.<\/span><\/p>\n<p>&nbsp;<\/p>\n<p style=\"text-align: center;\"><span style=\"color: #808080;\"><strong>Contact :<br \/>\n<\/strong><span class=\"s1\">Stefany <strong>Gervais<\/strong> \/\/ Vanessa <strong>Raptopoulo<br \/>\n<\/strong><\/span><span class=\"s1\">06 64 47 98 22 \/\/ 06 23 64 15 16<br \/>\n<\/span><span class=\"s1\"><a style=\"color: #808080;\" href=\"mailto:contact@wednesday-wedding.fr\">contact@wednesday-wedding.fr<\/a><\/span><span class=\"s2\"> \/\/<span style=\"color: #808080;\"> <a style=\"color: #808080;\" href=\"mailto:hello@wednesday-wedding.fr\">hello@wednesday-wedding.fr<\/a><\/span><br \/>\n<\/span><a style=\"font-size: 1.125em; color: #808080;\" href=\"http:\/\/www.wednesday-wedding.fr\"><span class=\"s1\">www.wednesday-wedding.fr<br \/>\n<\/span><\/a><a style=\"color: #808080;\" href=\"https:\/\/www.facebook.com\/wednesdayweddingdress\">Facebook<br \/>\n<\/a><a style=\"color: #808080;\" href=\"https:\/\/www.instagram.com\/wednesday.wedding.dress\/\">Instagram<\/a><\/span><\/p>\n<p>&nbsp;<\/p>\n<p class=\"jetpack-slideshow-noscript robots-nocontent\">Ce diaporama n\u00e9cessite JavaScript.<\/p><div id=\"gallery-4913-1-slideshow\" class=\"jetpack-slideshow-window jetpack-slideshow jetpack-slideshow-black\" data-trans=\"fade\" data-autostart=\"1\" data-gallery=\"[{&quot;src&quot;:&quot;https:\\\/\\\/i0.wp.com\\\/www.tendm.net\\\/wp-content\\\/uploads\\\/2017\\\/10\\\/L2A0146-copie.jpg?fit=683%2C1024&quot;,&quot;id&quot;:&quot;4915&quot;,&quot;title&quot;:&quot;_L2A0146 copie&quot;,&quot;alt&quot;:&quot;&quot;,&quot;caption&quot;:&quot;&quot;,&quot;itemprop&quot;:&quot;image&quot;},{&quot;src&quot;:&quot;https:\\\/\\\/i0.wp.com\\\/www.tendm.net\\\/wp-content\\\/uploads\\\/2017\\\/10\\\/L2A0161-copie.jpg?fit=683%2C1024&quot;,&quot;id&quot;:&quot;4916&quot;,&quot;title&quot;:&quot;_L2A0161 copie&quot;,&quot;alt&quot;:&quot;&quot;,&quot;caption&quot;:&quot;&quot;,&quot;itemprop&quot;:&quot;image&quot;},{&quot;src&quot;:&quot;https:\\\/\\\/i0.wp.com\\\/www.tendm.net\\\/wp-content\\\/uploads\\\/2017\\\/10\\\/L2A0268-copie.jpg?fit=683%2C1024&quot;,&quot;id&quot;:&quot;4917&quot;,&quot;title&quot;:&quot;_L2A0268 copie&quot;,&quot;alt&quot;:&quot;&quot;,&quot;caption&quot;:&quot;&quot;,&quot;itemprop&quot;:&quot;image&quot;},{&quot;src&quot;:&quot;https:\\\/\\\/i0.wp.com\\\/www.tendm.net\\\/wp-content\\\/uploads\\\/2017\\\/10\\\/L2A0368-copie.jpg?fit=683%2C1024&quot;,&quot;id&quot;:&quot;4918&quot;,&quot;title&quot;:&quot;_L2A0368 copie&quot;,&quot;alt&quot;:&quot;&quot;,&quot;caption&quot;:&quot;&quot;,&quot;itemprop&quot;:&quot;image&quot;},{&quot;src&quot;:&quot;https:\\\/\\\/i0.wp.com\\\/www.tendm.net\\\/wp-content\\\/uploads\\\/2017\\\/10\\\/L2A0620-copie.jpg?fit=683%2C1024&quot;,&quot;id&quot;:&quot;4919&quot;,&quot;title&quot;:&quot;_L2A0620 copie&quot;,&quot;alt&quot;:&quot;&quot;,&quot;caption&quot;:&quot;&quot;,&quot;itemprop&quot;:&quot;image&quot;},{&quot;src&quot;:&quot;https:\\\/\\\/i0.wp.com\\\/www.tendm.net\\\/wp-content\\\/uploads\\\/2017\\\/10\\\/Wednesday-photo-pre\\u0301sentation-web.jpg?fit=1024%2C685&quot;,&quot;id&quot;:&quot;4920&quot;,&quot;title&quot;:&quot;Wednesday photo pre\\u0301sentation web&quot;,&quot;alt&quot;:&quot;&quot;,&quot;caption&quot;:&quot;&quot;,&quot;itemprop&quot;:&quot;image&quot;},{&quot;src&quot;:&quot;https:\\\/\\\/i0.wp.com\\\/www.tendm.net\\\/wp-content\\\/uploads\\\/2017\\\/10\\\/Wednesday-Robe-N\\u00b04.jpg?fit=683%2C1024&quot;,&quot;id&quot;:&quot;4921&quot;,&quot;title&quot;:&quot;Wednesday Robe N\\u00b04&quot;,&quot;alt&quot;:&quot;&quot;,&quot;caption&quot;:&quot;&quot;,&quot;itemprop&quot;:&quot;image&quot;},{&quot;src&quot;:&quot;https:\\\/\\\/i0.wp.com\\\/www.tendm.net\\\/wp-content\\\/uploads\\\/2017\\\/10\\\/Wednesday-Robe-N\\u00b05.jpg?fit=683%2C1024&quot;,&quot;id&quot;:&quot;4922&quot;,&quot;title&quot;:&quot;Wednesday Robe N\\u00b05&quot;,&quot;alt&quot;:&quot;&quot;,&quot;caption&quot;:&quot;&quot;,&quot;itemprop&quot;:&quot;image&quot;},{&quot;src&quot;:&quot;https:\\\/\\\/i0.wp.com\\\/www.tendm.net\\\/wp-content\\\/uploads\\\/2017\\\/10\\\/Wednesday-Robe-N\\u00b08.jpg?fit=683%2C1024&quot;,&quot;id&quot;:&quot;4923&quot;,&quot;title&quot;:&quot;Wednesday Robe N\\u00b08&quot;,&quot;alt&quot;:&quot;&quot;,&quot;caption&quot;:&quot;Robe de Mari\\u00e9e (cr\\u00e9atrice)&quot;,&quot;itemprop&quot;:&quot;image&quot;},{&quot;src&quot;:&quot;https:\\\/\\\/i0.wp.com\\\/www.tendm.net\\\/wp-content\\\/uploads\\\/2017\\\/10\\\/Wednesday-Top-N\\u00b02-Jupe-N\\u00b01.jpg?fit=683%2C1024&quot;,&quot;id&quot;:&quot;4924&quot;,&quot;title&quot;:&quot;Wednesday Top N\\u00b02 + Jupe N\\u00b01&quot;,&quot;alt&quot;:&quot;&quot;,&quot;caption&quot;:&quot;&quot;,&quot;itemprop&quot;:&quot;image&quot;}]\" itemscope itemtype=\"https:\/\/schema.org\/ImageGallery\"><\/div>\n","protected":false},"excerpt":{"rendered":"<p>\u00ab\u00a0Anticonformisme, Authenticit\u00e9 et Artisanat sont nos mots d\u2019ordre.\u00a0\u00bb C\u2019est avec beaucoup d\u2019attention et de plaisir que nous vous pr\u00e9sentons nos collections de robes de mari\u00e9es (c\u00e9r\u00e9monie \/ civil) au Showroom situ\u00e9 en plein c\u0153ur de Bordeaux. L\u2019endroit se veut confidentiel et\u00a0chaleureux. Ce que nous aimons, vous \u00e9couter nous parler de votre projet de mariage, vos [&hellip;]<\/p>\n","protected":false},"author":1,"featured_media":4920,"parent":0,"menu_order":0,"comment_status":"closed","ping_status":"closed","template":"","meta":{"footnotes":""},"jetpack_sharing_enabled":true,"jetpack_shortlink":"https:\/\/wp.me\/P70bXT-1hf","jetpack-related-posts":[],"_links":{"self":[{"href":"http:\/\/www.tendm.net\/index.php\/wp-json\/wp\/v2\/pages\/4913"}],"collection":[{"href":"http:\/\/www.tendm.net\/index.php\/wp-json\/wp\/v2\/pages"}],"about":[{"href":"http:\/\/www.tendm.net\/index.php\/wp-json\/wp\/v2\/types\/page"}],"author":[{"embeddable":true,"href":"http:\/\/www.tendm.net\/index.php\/wp-json\/wp\/v2\/users\/1"}],"replies":[{"embeddable":true,"href":"http:\/\/www.tendm.net\/index.php\/wp-json\/wp\/v2\/comments?post=4913"}],"version-history":[{"count":4,"href":"http:\/\/www.tendm.net\/index.php\/wp-json\/wp\/v2\/pages\/4913\/revisions"}],"predecessor-version":[{"id":5940,"href":"http:\/\/www.tendm.net\/index.php\/wp-json\/wp\/v2\/pages\/4913\/revisions\/5940"}],"wp:featuredmedia":[{"embeddable":true,"href":"http:\/\/www.tendm.net\/index.php\/wp-json\/wp\/v2\/media\/4920"}],"wp:attachment":[{"href":"http:\/\/www.tendm.net\/index.php\/wp-json\/wp\/v2\/media?parent=4913"}],"curies":[{"name":"wp","href":"https:\/\/api.w.org\/{rel}","templated":true}]}}