{"id":4967,"date":"2017-10-24T10:00:51","date_gmt":"2017-10-24T09:00:51","guid":{"rendered":"http:\/\/www.tendm.net\/?page_id=4967"},"modified":"2018-08-28T12:36:49","modified_gmt":"2018-08-28T11:36:49","slug":"muryel-rava","status":"publish","type":"page","link":"http:\/\/www.tendm.net\/index.php\/muryel-rava\/","title":{"rendered":"Muryel Rava"},"content":{"rendered":"<h1 class=\"p1\" style=\"text-align: center;\"><span class=\"s1\" style=\"color: #808080;\">\u00ab\u00a0Star d\u2019un jour, star toujours\u00a0\u00bb<\/span><\/h1>\n<p style=\"text-align: justify;\"><span class=\"s1\" style=\"font-size: 12pt;\"><b>Muryel Rava, make-Up artiste depuis plus de 20 ans, vous fait partager sa passion\u00a0: sublimer le regard des autres et r\u00e9v\u00e9ler votre beaut\u00e9 cach\u00e9e pour un \u00ab\u00a0jour J\u00a0\u00bb inoubliable.<\/b><\/span><\/p>\n<p style=\"text-align: justify;\"><span class=\"s1\" style=\"font-size: 12pt;\">Quels que soient vos besoins et vos envies, Muryel Rava met \u00e0 votre service son \u00e9coute, sa bonne humeur, sa s\u00e9r\u00e9nit\u00e9 et son exp\u00e9rience acquise \u00e0 Paris aupr\u00e8s de 20 marques, dans le monde du spectacle, des plateaux TV, des d\u00e9fil\u00e9s, du cin\u00e9ma et des grands magasins.<\/span><\/p>\n<p style=\"text-align: justify;\"><span class=\"s1\" style=\"font-size: 12pt;\">Confortablement install\u00e9e \u00e0 votre domicile dans son studio professionnel, vous allez pouvoir cr\u00e9er avec elle le maquillage qui vous correspond et vous mettra le plus en valeur, glamour \u00e0 souhait, du plus naturel au plus sophistiqu\u00e9, en profitant au passage de ses nombreux conseils.<\/span><\/p>\n<p style=\"text-align: justify;\"><span class=\"s1\" style=\"font-size: 12pt;\">Sp\u00e9cialiste du teint et des studios, elle r\u00e9alise votre mise en beaut\u00e9 avec une marque de maquillage professionnelle fran\u00e7aise \u00ab\u00a0Haute Couture \u00bb, \u00e0 la tenue \u00ab\u00a0waterproof\u00a0\u00bb exceptionnelle, au rendu tr\u00e8s naturel, qui vous accompagnera jusqu\u2019au bout de la nuit puis toute votre vie sur vos magnifiques clich\u00e9s\u2026 Se glisser dans la peau de la star d\u2019un jour est finalement \u00e0 la port\u00e9e de tous&#8230;<\/span><\/p>\n<p style=\"text-align: justify;\"><strong>Services propos\u00e9s :<\/strong><\/p>\n<ul style=\"text-align: justify;\">\n<li class=\"p1\"><span class=\"s1\" style=\"font-size: 12pt;\">D\u00e9placement \u00e0 domicile avec un studio de maquillage professionnel complet pour maquiller les mari\u00e9s et tous leurs proches.<\/span><\/li>\n<li class=\"p1\"><span class=\"s1\" style=\"font-size: 12pt;\">Utilisation d\u2019une marque de maquillage professionnelle \u00ab\u00a0Haute Couture \u00bb, haute d\u00e9finition, sans paraben, non test\u00e9e sur les animaux, de 40 ans d\u2019exp\u00e9rience dans le cin\u00e9ma et certifi\u00e9e d\u2019Origine France Garantie par le bureau Veritas.<\/span><\/li>\n<li class=\"p1\"><span style=\"font-size: 12pt;\">Plusieurs forfaits sont propos\u00e9s avec un essai pr\u00e9alable pour la mari\u00e9e.<\/span><\/li>\n<li class=\"p1\"><span style=\"font-size: 12pt;\">Se d\u00e9place dans toute la France et \u00e0 l\u2019international.<\/span><\/li>\n<\/ul>\n<p style=\"text-align: justify;\"><strong>Autres informations :<\/strong><\/p>\n<ul>\n<li style=\"text-align: justify;\"><span style=\"font-size: 12pt;\">Prestations Mixtes<\/span><\/li>\n<li style=\"text-align: justify;\"><span style=\"font-size: 12pt;\">Make-up \u00e0 domicile<\/span><\/li>\n<li style=\"text-align: justify;\"><span style=\"font-size: 12pt;\">Make-up mariage et EVDF<\/span><\/li>\n<li style=\"text-align: justify;\"><span style=\"font-size: 12pt;\">Ateliers\u00a0<\/span><\/li>\n<\/ul>\n<p style=\"text-align: center;\"><span style=\"color: #808080;\">Contact :<strong><br \/>\n<\/strong><span class=\"s1\"><strong>Murielle Rava<\/strong><\/span><span class=\"s2\"><br \/>\n<\/span><span class=\"s1\">07 82 98 36 71<br \/>\n<\/span><span class=\"s1\">muryel.rava@gmail.com<br \/>\n<\/span><span class=\"s1\"><strong><a style=\"color: #808080;\" href=\"http:\/\/www.muryel-rava.com\">www.muryel-rava.com<\/a><\/strong><br \/>\n<\/span><a style=\"color: #808080;\" href=\"https:\/\/www.facebook.com\/muryelrava\/\">Facebook<br \/>\n<\/a><a style=\"color: #808080;\" href=\"https:\/\/twitter.com\/rava_rva\">Twitter<br \/>\n<\/a><\/span><a href=\"https:\/\/www.instagram.com\/muryelravamakeupartist\/\"><span style=\"color: #808080;\">Instagram<\/span><\/a><\/p>\n<p>&nbsp;<\/p>\n<p class=\"jetpack-slideshow-noscript robots-nocontent\">Ce diaporama n\u00e9cessite JavaScript.<\/p><div id=\"gallery-4967-1-slideshow\" class=\"jetpack-slideshow-window jetpack-slideshow jetpack-slideshow-black\" data-trans=\"fade\" data-autostart=\"1\" data-gallery=\"[{&quot;src&quot;:&quot;https:\\\/\\\/i0.wp.com\\\/www.tendm.net\\\/wp-content\\\/uploads\\\/2017\\\/10\\\/PHOTO.png?fit=640%2C639&quot;,&quot;id&quot;:&quot;5018&quot;,&quot;title&quot;:&quot;PHOTO&quot;,&quot;alt&quot;:&quot;&quot;,&quot;caption&quot;:&quot;Mise en Beaut\\u00e9&quot;,&quot;itemprop&quot;:&quot;image&quot;},{&quot;src&quot;:&quot;https:\\\/\\\/i0.wp.com\\\/www.tendm.net\\\/wp-content\\\/uploads\\\/2017\\\/10\\\/Visuel-TendM-14.jpg?fit=667%2C1000&quot;,&quot;id&quot;:&quot;5032&quot;,&quot;title&quot;:&quot;Visuel-TendM-14&quot;,&quot;alt&quot;:&quot;&quot;,&quot;caption&quot;:&quot;&quot;,&quot;itemprop&quot;:&quot;image&quot;},{&quot;src&quot;:&quot;https:\\\/\\\/i0.wp.com\\\/www.tendm.net\\\/wp-content\\\/uploads\\\/2017\\\/10\\\/Visuel-TendM-2.jpg?fit=727%2C1000&quot;,&quot;id&quot;:&quot;4971&quot;,&quot;title&quot;:&quot;Visuel-TendM-2&quot;,&quot;alt&quot;:&quot;&quot;,&quot;caption&quot;:&quot;&quot;,&quot;itemprop&quot;:&quot;image&quot;},{&quot;src&quot;:&quot;https:\\\/\\\/i0.wp.com\\\/www.tendm.net\\\/wp-content\\\/uploads\\\/2017\\\/10\\\/Visuel-TendM-7.jpg?fit=557%2C1000&quot;,&quot;id&quot;:&quot;4976&quot;,&quot;title&quot;:&quot;Visuel-TendM-7&quot;,&quot;alt&quot;:&quot;&quot;,&quot;caption&quot;:&quot;&quot;,&quot;itemprop&quot;:&quot;image&quot;},{&quot;src&quot;:&quot;https:\\\/\\\/i0.wp.com\\\/www.tendm.net\\\/wp-content\\\/uploads\\\/2017\\\/10\\\/Visuel-TendM-25.jpg?fit=1000%2C667&quot;,&quot;id&quot;:&quot;5028&quot;,&quot;title&quot;:&quot;Visuel-TendM-25&quot;,&quot;alt&quot;:&quot;&quot;,&quot;caption&quot;:&quot;&quot;,&quot;itemprop&quot;:&quot;image&quot;},{&quot;src&quot;:&quot;https:\\\/\\\/i0.wp.com\\\/www.tendm.net\\\/wp-content\\\/uploads\\\/2017\\\/10\\\/Visuel-TendM-3.jpg?fit=693%2C1000&quot;,&quot;id&quot;:&quot;4972&quot;,&quot;title&quot;:&quot;Visuel-TendM-3&quot;,&quot;alt&quot;:&quot;&quot;,&quot;caption&quot;:&quot;&quot;,&quot;itemprop&quot;:&quot;image&quot;},{&quot;src&quot;:&quot;https:\\\/\\\/i0.wp.com\\\/www.tendm.net\\\/wp-content\\\/uploads\\\/2017\\\/10\\\/Visuel-TendM-12.jpg?fit=666%2C1000&quot;,&quot;id&quot;:&quot;5038&quot;,&quot;title&quot;:&quot;Visuel-TendM-12&quot;,&quot;alt&quot;:&quot;&quot;,&quot;caption&quot;:&quot;&quot;,&quot;itemprop&quot;:&quot;image&quot;},{&quot;src&quot;:&quot;https:\\\/\\\/i0.wp.com\\\/www.tendm.net\\\/wp-content\\\/uploads\\\/2017\\\/10\\\/Visuel-TendM-13.jpg?fit=552%2C1000&quot;,&quot;id&quot;:&quot;5037&quot;,&quot;title&quot;:&quot;Visuel-TendM-13&quot;,&quot;alt&quot;:&quot;&quot;,&quot;caption&quot;:&quot;&quot;,&quot;itemprop&quot;:&quot;image&quot;},{&quot;src&quot;:&quot;https:\\\/\\\/i0.wp.com\\\/www.tendm.net\\\/wp-content\\\/uploads\\\/2017\\\/10\\\/Visuel-TendM-29.jpg?fit=719%2C1000&quot;,&quot;id&quot;:&quot;5029&quot;,&quot;title&quot;:&quot;Visuel-TendM-29&quot;,&quot;alt&quot;:&quot;&quot;,&quot;caption&quot;:&quot;&quot;,&quot;itemprop&quot;:&quot;image&quot;},{&quot;src&quot;:&quot;https:\\\/\\\/i0.wp.com\\\/www.tendm.net\\\/wp-content\\\/uploads\\\/2017\\\/10\\\/Visuel-TendM-22.jpg?fit=667%2C1000&quot;,&quot;id&quot;:&quot;5025&quot;,&quot;title&quot;:&quot;Visuel-TendM-22&quot;,&quot;alt&quot;:&quot;&quot;,&quot;caption&quot;:&quot;&quot;,&quot;itemprop&quot;:&quot;image&quot;},{&quot;src&quot;:&quot;https:\\\/\\\/i0.wp.com\\\/www.tendm.net\\\/wp-content\\\/uploads\\\/2017\\\/10\\\/Visuel-TendM-15.jpg?fit=664%2C1000&quot;,&quot;id&quot;:&quot;5039&quot;,&quot;title&quot;:&quot;Visuel-TendM-15&quot;,&quot;alt&quot;:&quot;&quot;,&quot;caption&quot;:&quot;&quot;,&quot;itemprop&quot;:&quot;image&quot;},{&quot;src&quot;:&quot;https:\\\/\\\/i0.wp.com\\\/www.tendm.net\\\/wp-content\\\/uploads\\\/2017\\\/10\\\/Visuel-TendM-8.jpg?fit=565%2C1000&quot;,&quot;id&quot;:&quot;4977&quot;,&quot;title&quot;:&quot;Visuel-TendM-8&quot;,&quot;alt&quot;:&quot;&quot;,&quot;caption&quot;:&quot;&quot;,&quot;itemprop&quot;:&quot;image&quot;},{&quot;src&quot;:&quot;https:\\\/\\\/i0.wp.com\\\/www.tendm.net\\\/wp-content\\\/uploads\\\/2017\\\/10\\\/Visuel-TendM-4.jpg?fit=667%2C1000&quot;,&quot;id&quot;:&quot;4973&quot;,&quot;title&quot;:&quot;Visuel-TendM-4&quot;,&quot;alt&quot;:&quot;&quot;,&quot;caption&quot;:&quot;&quot;,&quot;itemprop&quot;:&quot;image&quot;},{&quot;src&quot;:&quot;https:\\\/\\\/i0.wp.com\\\/www.tendm.net\\\/wp-content\\\/uploads\\\/2017\\\/10\\\/Visuel-TendM-9.jpg?fit=766%2C1000&quot;,&quot;id&quot;:&quot;4978&quot;,&quot;title&quot;:&quot;Visuel-TendM-9&quot;,&quot;alt&quot;:&quot;&quot;,&quot;caption&quot;:&quot;Mise en Beaut\\u00e9&quot;,&quot;itemprop&quot;:&quot;image&quot;},{&quot;src&quot;:&quot;https:\\\/\\\/i0.wp.com\\\/www.tendm.net\\\/wp-content\\\/uploads\\\/2017\\\/10\\\/Visuel-TendM-23.jpg?fit=707%2C1000&quot;,&quot;id&quot;:&quot;5026&quot;,&quot;title&quot;:&quot;Visuel-TendM-23&quot;,&quot;alt&quot;:&quot;&quot;,&quot;caption&quot;:&quot;&quot;,&quot;itemprop&quot;:&quot;image&quot;},{&quot;src&quot;:&quot;https:\\\/\\\/i0.wp.com\\\/www.tendm.net\\\/wp-content\\\/uploads\\\/2017\\\/10\\\/Visuel-TendM-24.jpg?fit=1000%2C641&quot;,&quot;id&quot;:&quot;5027&quot;,&quot;title&quot;:&quot;Visuel-TendM-24&quot;,&quot;alt&quot;:&quot;&quot;,&quot;caption&quot;:&quot;&quot;,&quot;itemprop&quot;:&quot;image&quot;},{&quot;src&quot;:&quot;https:\\\/\\\/i0.wp.com\\\/www.tendm.net\\\/wp-content\\\/uploads\\\/2017\\\/10\\\/Visuel-TendM-27.jpg?fit=1000%2C867&quot;,&quot;id&quot;:&quot;5022&quot;,&quot;title&quot;:&quot;Visuel-TendM-27&quot;,&quot;alt&quot;:&quot;&quot;,&quot;caption&quot;:&quot;&quot;,&quot;itemprop&quot;:&quot;image&quot;},{&quot;src&quot;:&quot;https:\\\/\\\/i0.wp.com\\\/www.tendm.net\\\/wp-content\\\/uploads\\\/2017\\\/10\\\/Visuel-TendM-21.jpg?fit=667%2C1000&quot;,&quot;id&quot;:&quot;5031&quot;,&quot;title&quot;:&quot;Visuel-TendM-21&quot;,&quot;alt&quot;:&quot;&quot;,&quot;caption&quot;:&quot;&quot;,&quot;itemprop&quot;:&quot;image&quot;},{&quot;src&quot;:&quot;https:\\\/\\\/i0.wp.com\\\/www.tendm.net\\\/wp-content\\\/uploads\\\/2017\\\/10\\\/Visuel-TendM-20.jpg?fit=667%2C1000&quot;,&quot;id&quot;:&quot;5033&quot;,&quot;title&quot;:&quot;Visuel-TendM-20&quot;,&quot;alt&quot;:&quot;&quot;,&quot;caption&quot;:&quot;&quot;,&quot;itemprop&quot;:&quot;image&quot;},{&quot;src&quot;:&quot;https:\\\/\\\/i0.wp.com\\\/www.tendm.net\\\/wp-content\\\/uploads\\\/2017\\\/10\\\/Visuel-TendM-5.jpg?fit=596%2C1000&quot;,&quot;id&quot;:&quot;4974&quot;,&quot;title&quot;:&quot;Visuel-TendM-5&quot;,&quot;alt&quot;:&quot;&quot;,&quot;caption&quot;:&quot;&quot;,&quot;itemprop&quot;:&quot;image&quot;},{&quot;src&quot;:&quot;https:\\\/\\\/i0.wp.com\\\/www.tendm.net\\\/wp-content\\\/uploads\\\/2017\\\/10\\\/Visuel-TendM-17.jpg?fit=667%2C1000&quot;,&quot;id&quot;:&quot;5024&quot;,&quot;title&quot;:&quot;Visuel-TendM-17&quot;,&quot;alt&quot;:&quot;&quot;,&quot;caption&quot;:&quot;&quot;,&quot;itemprop&quot;:&quot;image&quot;},{&quot;src&quot;:&quot;https:\\\/\\\/i0.wp.com\\\/www.tendm.net\\\/wp-content\\\/uploads\\\/2017\\\/10\\\/Visuel-TendM-26.jpg?fit=988%2C1000&quot;,&quot;id&quot;:&quot;5023&quot;,&quot;title&quot;:&quot;Visuel-TendM-26&quot;,&quot;alt&quot;:&quot;&quot;,&quot;caption&quot;:&quot;&quot;,&quot;itemprop&quot;:&quot;image&quot;},{&quot;src&quot;:&quot;https:\\\/\\\/i0.wp.com\\\/www.tendm.net\\\/wp-content\\\/uploads\\\/2017\\\/10\\\/Visuel-TendM-11.jpg?fit=610%2C1000&quot;,&quot;id&quot;:&quot;5036&quot;,&quot;title&quot;:&quot;Visuel-TendM-11&quot;,&quot;alt&quot;:&quot;&quot;,&quot;caption&quot;:&quot;&quot;,&quot;itemprop&quot;:&quot;image&quot;},{&quot;src&quot;:&quot;https:\\\/\\\/i0.wp.com\\\/www.tendm.net\\\/wp-content\\\/uploads\\\/2017\\\/10\\\/Visuel-TendM-10.jpg?fit=589%2C1000&quot;,&quot;id&quot;:&quot;5035&quot;,&quot;title&quot;:&quot;Visuel-TendM-10&quot;,&quot;alt&quot;:&quot;&quot;,&quot;caption&quot;:&quot;&quot;,&quot;itemprop&quot;:&quot;image&quot;},{&quot;src&quot;:&quot;https:\\\/\\\/i0.wp.com\\\/www.tendm.net\\\/wp-content\\\/uploads\\\/2017\\\/10\\\/Visuel-TendM-0.jpg?fit=1325%2C1426&quot;,&quot;id&quot;:&quot;4969&quot;,&quot;title&quot;:&quot;Visuel-TendM-0&quot;,&quot;alt&quot;:&quot;&quot;,&quot;caption&quot;:&quot;&quot;,&quot;itemprop&quot;:&quot;image&quot;},{&quot;src&quot;:&quot;https:\\\/\\\/i0.wp.com\\\/www.tendm.net\\\/wp-content\\\/uploads\\\/2017\\\/10\\\/Visuel-TendM-6.jpg?fit=667%2C1000&quot;,&quot;id&quot;:&quot;4975&quot;,&quot;title&quot;:&quot;Visuel-TendM-6&quot;,&quot;alt&quot;:&quot;&quot;,&quot;caption&quot;:&quot;&quot;,&quot;itemprop&quot;:&quot;image&quot;},{&quot;src&quot;:&quot;https:\\\/\\\/i0.wp.com\\\/www.tendm.net\\\/wp-content\\\/uploads\\\/2017\\\/10\\\/Visuel-TendM-18.jpg?fit=667%2C1000&quot;,&quot;id&quot;:&quot;5020&quot;,&quot;title&quot;:&quot;Visuel-TendM-18&quot;,&quot;alt&quot;:&quot;&quot;,&quot;caption&quot;:&quot;&quot;,&quot;itemprop&quot;:&quot;image&quot;},{&quot;src&quot;:&quot;https:\\\/\\\/i0.wp.com\\\/www.tendm.net\\\/wp-content\\\/uploads\\\/2017\\\/10\\\/Visuel-TendM-1.jpg?fit=1100%2C1100&quot;,&quot;id&quot;:&quot;4970&quot;,&quot;title&quot;:&quot;Visuel-TendM-1&quot;,&quot;alt&quot;:&quot;&quot;,&quot;caption&quot;:&quot;&quot;,&quot;itemprop&quot;:&quot;image&quot;},{&quot;src&quot;:&quot;https:\\\/\\\/i0.wp.com\\\/www.tendm.net\\\/wp-content\\\/uploads\\\/2017\\\/10\\\/Visuel-TendM-16.jpg?fit=667%2C1000&quot;,&quot;id&quot;:&quot;5030&quot;,&quot;title&quot;:&quot;Visuel-TendM-16&quot;,&quot;alt&quot;:&quot;&quot;,&quot;caption&quot;:&quot;&quot;,&quot;itemprop&quot;:&quot;image&quot;},{&quot;src&quot;:&quot;https:\\\/\\\/i0.wp.com\\\/www.tendm.net\\\/wp-content\\\/uploads\\\/2017\\\/10\\\/Visuel-TendM-19.jpg?fit=667%2C1000&quot;,&quot;id&quot;:&quot;5034&quot;,&quot;title&quot;:&quot;Visuel-TendM-19&quot;,&quot;alt&quot;:&quot;&quot;,&quot;caption&quot;:&quot;&quot;,&quot;itemprop&quot;:&quot;image&quot;},{&quot;src&quot;:&quot;https:\\\/\\\/i0.wp.com\\\/www.tendm.net\\\/wp-content\\\/uploads\\\/2017\\\/10\\\/Visuel-TendM-28.jpg?fit=896%2C1000&quot;,&quot;id&quot;:&quot;5021&quot;,&quot;title&quot;:&quot;Visuel-TendM-28&quot;,&quot;alt&quot;:&quot;&quot;,&quot;caption&quot;:&quot;&quot;,&quot;itemprop&quot;:&quot;image&quot;}]\" itemscope itemtype=\"https:\/\/schema.org\/ImageGallery\"><\/div>\n","protected":false},"excerpt":{"rendered":"<p>\u00ab\u00a0Star d\u2019un jour, star toujours\u00a0\u00bb Muryel Rava, make-Up artiste depuis plus de 20 ans, vous fait partager sa passion\u00a0: sublimer le regard des autres et r\u00e9v\u00e9ler votre beaut\u00e9 cach\u00e9e pour un \u00ab\u00a0jour J\u00a0\u00bb inoubliable. Quels que soient vos besoins et vos envies, Muryel Rava met \u00e0 votre service son \u00e9coute, sa bonne humeur, sa s\u00e9r\u00e9nit\u00e9 [&hellip;]<\/p>\n","protected":false},"author":1,"featured_media":5027,"parent":0,"menu_order":0,"comment_status":"closed","ping_status":"closed","template":"","meta":{"footnotes":""},"jetpack_sharing_enabled":true,"jetpack_shortlink":"https:\/\/wp.me\/P70bXT-1i7","jetpack-related-posts":[],"_links":{"self":[{"href":"http:\/\/www.tendm.net\/index.php\/wp-json\/wp\/v2\/pages\/4967"}],"collection":[{"href":"http:\/\/www.tendm.net\/index.php\/wp-json\/wp\/v2\/pages"}],"about":[{"href":"http:\/\/www.tendm.net\/index.php\/wp-json\/wp\/v2\/types\/page"}],"author":[{"embeddable":true,"href":"http:\/\/www.tendm.net\/index.php\/wp-json\/wp\/v2\/users\/1"}],"replies":[{"embeddable":true,"href":"http:\/\/www.tendm.net\/index.php\/wp-json\/wp\/v2\/comments?post=4967"}],"version-history":[{"count":15,"href":"http:\/\/www.tendm.net\/index.php\/wp-json\/wp\/v2\/pages\/4967\/revisions"}],"predecessor-version":[{"id":5011,"href":"http:\/\/www.tendm.net\/index.php\/wp-json\/wp\/v2\/pages\/4967\/revisions\/5011"}],"wp:featuredmedia":[{"embeddable":true,"href":"http:\/\/www.tendm.net\/index.php\/wp-json\/wp\/v2\/media\/5027"}],"wp:attachment":[{"href":"http:\/\/www.tendm.net\/index.php\/wp-json\/wp\/v2\/media?parent=4967"}],"curies":[{"name":"wp","href":"https:\/\/api.w.org\/{rel}","templated":true}]}}