{"id":6524,"date":"2018-10-03T12:31:35","date_gmt":"2018-10-03T11:31:35","guid":{"rendered":"http:\/\/www.tendm.net\/?page_id=6524"},"modified":"2018-10-03T12:31:35","modified_gmt":"2018-10-03T11:31:35","slug":"capdevielle-traiteur","status":"publish","type":"page","link":"http:\/\/www.tendm.net\/index.php\/capdevielle-traiteur\/","title":{"rendered":"Capdevielle Traiteur"},"content":{"rendered":"<h1 style=\"text-align: center;\"><span style=\"color: #808080;\">\u00ab\u00a0Ma priorit\u00e9 : la r\u00e9ussite de votre<\/span><br \/>\n<span style=\"color: #808080;\">\u00e9v\u00e9nement. Mon \u00e9quipe de Charg\u00e9s de Projet se tient au service de vos<\/span><br \/>\n<span style=\"color: #808080;\">envies.\u00a0\u00bb<\/span><\/h1>\n<p style=\"text-align: justify;\">La sp\u00e9cialit\u00e9 de Capdevielle Traiteur ?\u00a0La prestation sur-mesure. Du cocktail anim\u00e9 au d\u00eener de gala de prestige, nous r\u00e9pondrons \u00e0 toutes vos demandes avec la m\u00eame originalit\u00e9. D\u00e9coration des buffets, d\u00e9coration florale et animations culinaires sont \u00e9galement propos\u00e9es. Notre marque de livraison \u00abLivraisons Gourmandes\u00bb, s\u2019adapte elle, \u00e0 toutes vos envies.<\/p>\n<p style=\"text-align: justify;\">Nouveaux locaux de 2000m\u00b2, \u00e0 106 m\u00e8tres seulement de notre ancien laboratoire \u00e0 Bruges. \u2013 1100m\u00b2 de surface de production, laboratoire de p\u00e2tisserie et pr\u00e9parations froides, terminaux de cuissons sous vide et basse temp\u00e9rature, r\u00e9pondant \u00e0 toutes les normes en vigueur et pens\u00e9 de fa\u00e7on plus ergonomique \u2013 Des bureaux commerciaux et showrooms , modernes et chaleureux pour accueillir nos clients \u2013 Ainsi qu\u2019un entrep\u00f4t de stockage logistique et un terminal de nettoyage. Nous garantissons \u00e0 nos clients un accompagnement personnalis\u00e9, une prestation, \u00e0 la hauteur de leurs exigences, des produits de qualit\u00e9, et un personnel comp\u00e9tant. Reconnaissance nationale au sein des Traiteurs de France. Pilote d\u2019un programme qui lutte contre le gaspillage alimentaire avec la redistribution de produits \u00e0 des associations &#8211; et traitement des d\u00e9chets organiques produit par notre laboratoire pour nourrir notre jardin intelligent de 2500 m\u00b2 afin de produire l\u00e9gumes, fruits et herbes aromatiques, pour notre personnel ou nos clients en visite.<\/p>\n<p>&nbsp;<\/p>\n<p style=\"text-align: center;\"><span style=\"color: #808080;\"><strong>Contact :<br \/>\n<\/strong><\/span><span style=\"color: #808080;\">11 Rue de Fieuzal<br \/>\n33520 BRUGES<br \/>\n<\/span><span style=\"color: #808080;\">05 57 19 09 99<br \/>\n<a href=\"http:\/\/www.capdevielle.com\">www.capdevielle.com<\/a><br \/>\n<\/span><a href=\"mailto:capdevielle@capdevielle.com\">capdevielle@capdevielle.com<\/a><br \/>\n<a href=\"https:\/\/www.facebook.com\/CapdevielleTraiteur\/\">Facebook<\/a><br \/>\n<a href=\"https:\/\/www.instagram.com\/capdevielle_traiteur\/?hl=fr\">Instagram<\/a><\/p>\n<div class=\"tiled-gallery type-rectangular tiled-gallery-unresized\" data-original-width=\"1140\" data-carousel-extra='{&quot;blog_id&quot;:1,&quot;permalink&quot;:&quot;http:\\\/\\\/www.tendm.net\\\/index.php\\\/capdevielle-traiteur\\\/&quot;,&quot;likes_blog_id&quot;:103480349}' itemscope itemtype=\"http:\/\/schema.org\/ImageGallery\" > <div class=\"gallery-row\" style=\"width: 1140px; height: 508px;\" data-original-width=\"1140\" data-original-height=\"508\" > <div class=\"gallery-group images-1\" style=\"width: 761px; height: 508px;\" data-original-width=\"761\" data-original-height=\"508\" > <div class=\"tiled-gallery-item tiled-gallery-item-large\" itemprop=\"associatedMedia\" itemscope itemtype=\"http:\/\/schema.org\/ImageObject\"> <a href=\"http:\/\/www.tendm.net\/index.php\/capdevielle-traiteur\/image-capde-2light\/\" border=\"0\" itemprop=\"url\"> <meta itemprop=\"width\" content=\"757\"> <meta itemprop=\"height\" content=\"504\"> <img loading=\"lazy\" decoding=\"async\" class=\"\" data-attachment-id=\"6525\" data-orig-file=\"http:\/\/www.tendm.net\/wp-content\/uploads\/2018\/10\/image-capde-2light.jpg\" data-orig-size=\"1000,666\" data-comments-opened=\"1\" data-image-meta=\"{&quot;aperture&quot;:&quot;4&quot;,&quot;credit&quot;:&quot;&quot;,&quot;camera&quot;:&quot;Canon EOS 7D&quot;,&quot;caption&quot;:&quot;&quot;,&quot;created_timestamp&quot;:&quot;1415568426&quot;,&quot;copyright&quot;:&quot;&quot;,&quot;focal_length&quot;:&quot;34&quot;,&quot;iso&quot;:&quot;4000&quot;,&quot;shutter_speed&quot;:&quot;0.05&quot;,&quot;title&quot;:&quot;&quot;,&quot;orientation&quot;:&quot;1&quot;}\" data-image-title=\"image capde 2light\" data-image-description=\"&lt;p&gt;Capdevielle Traiteur&lt;\/p&gt; \" data-medium-file=\"https:\/\/i0.wp.com\/www.tendm.net\/wp-content\/uploads\/2018\/10\/image-capde-2light.jpg?fit=300%2C200\" data-large-file=\"https:\/\/i0.wp.com\/www.tendm.net\/wp-content\/uploads\/2018\/10\/image-capde-2light.jpg?fit=1000%2C666\" src=\"https:\/\/i0.wp.com\/www.tendm.net\/wp-content\/uploads\/2018\/10\/image-capde-2light.jpg?w=757&#038;h=504\" srcset=\"https:\/\/i0.wp.com\/www.tendm.net\/wp-content\/uploads\/2018\/10\/image-capde-2light.jpg?w=1000 1000w, https:\/\/i0.wp.com\/www.tendm.net\/wp-content\/uploads\/2018\/10\/image-capde-2light.jpg?resize=300%2C200 300w, https:\/\/i0.wp.com\/www.tendm.net\/wp-content\/uploads\/2018\/10\/image-capde-2light.jpg?resize=768%2C511 768w\" width=\"757\" height=\"504\" loading=\"lazy\" data-original-width=\"757\" data-original-height=\"504\" itemprop=\"http:\/\/schema.org\/image\" title=\"image capde 2light\" alt=\"Traiteur\" style=\"width: 757px; height: 504px;\" \/> <\/a> <div class=\"tiled-gallery-caption\" itemprop=\"caption description\"> Traiteur <\/div> <\/div> <\/div> <!-- close group --> <div class=\"gallery-group images-2\" style=\"width: 379px; height: 508px;\" data-original-width=\"379\" data-original-height=\"508\" > <div class=\"tiled-gallery-item tiled-gallery-item-large\" itemprop=\"associatedMedia\" itemscope itemtype=\"http:\/\/schema.org\/ImageObject\"> <a href=\"http:\/\/www.tendm.net\/index.php\/capdevielle-traiteur\/image-capde-3light\/\" border=\"0\" itemprop=\"url\"> <meta itemprop=\"width\" content=\"375\"> <meta itemprop=\"height\" content=\"250\"> <img loading=\"lazy\" decoding=\"async\" class=\"\" data-attachment-id=\"6526\" data-orig-file=\"http:\/\/www.tendm.net\/wp-content\/uploads\/2018\/10\/image-capde-3light.jpg\" data-orig-size=\"1000,667\" data-comments-opened=\"1\" data-image-meta=\"{&quot;aperture&quot;:&quot;0&quot;,&quot;credit&quot;:&quot;&quot;,&quot;camera&quot;:&quot;&quot;,&quot;caption&quot;:&quot;&quot;,&quot;created_timestamp&quot;:&quot;0&quot;,&quot;copyright&quot;:&quot;wWw.xavgalerie.fr&quot;,&quot;focal_length&quot;:&quot;0&quot;,&quot;iso&quot;:&quot;0&quot;,&quot;shutter_speed&quot;:&quot;0&quot;,&quot;title&quot;:&quot;&quot;,&quot;orientation&quot;:&quot;1&quot;}\" data-image-title=\"image capde 3light\" data-image-description=\"\" data-medium-file=\"https:\/\/i0.wp.com\/www.tendm.net\/wp-content\/uploads\/2018\/10\/image-capde-3light.jpg?fit=300%2C200\" data-large-file=\"https:\/\/i0.wp.com\/www.tendm.net\/wp-content\/uploads\/2018\/10\/image-capde-3light.jpg?fit=1000%2C667\" src=\"https:\/\/i0.wp.com\/www.tendm.net\/wp-content\/uploads\/2018\/10\/image-capde-3light.jpg?w=375&#038;h=250\" srcset=\"https:\/\/i0.wp.com\/www.tendm.net\/wp-content\/uploads\/2018\/10\/image-capde-3light.jpg?w=1000 1000w, https:\/\/i0.wp.com\/www.tendm.net\/wp-content\/uploads\/2018\/10\/image-capde-3light.jpg?resize=300%2C200 300w, https:\/\/i0.wp.com\/www.tendm.net\/wp-content\/uploads\/2018\/10\/image-capde-3light.jpg?resize=768%2C512 768w\" width=\"375\" height=\"250\" loading=\"lazy\" data-original-width=\"375\" data-original-height=\"250\" itemprop=\"http:\/\/schema.org\/image\" title=\"image capde 3light\" alt=\"image capde 3light\" style=\"width: 375px; height: 250px;\" \/> <\/a> <\/div> <div class=\"tiled-gallery-item tiled-gallery-item-large\" itemprop=\"associatedMedia\" itemscope itemtype=\"http:\/\/schema.org\/ImageObject\"> <a href=\"http:\/\/www.tendm.net\/index.php\/capdevielle-traiteur\/image-capde-pour-livraisons-gourmandes_print\/\" border=\"0\" itemprop=\"url\"> <meta itemprop=\"width\" content=\"375\"> <meta itemprop=\"height\" content=\"250\"> <img loading=\"lazy\" decoding=\"async\" class=\"\" data-attachment-id=\"6527\" data-orig-file=\"http:\/\/www.tendm.net\/wp-content\/uploads\/2018\/10\/Image-Capde-pour-Livraisons-Gourmandes_PRINT-.jpg\" data-orig-size=\"4415,2947\" data-comments-opened=\"1\" data-image-meta=\"{&quot;aperture&quot;:&quot;0&quot;,&quot;credit&quot;:&quot;&quot;,&quot;camera&quot;:&quot;&quot;,&quot;caption&quot;:&quot;&quot;,&quot;created_timestamp&quot;:&quot;0&quot;,&quot;copyright&quot;:&quot;wWw.xavgalerie.fr&quot;,&quot;focal_length&quot;:&quot;0&quot;,&quot;iso&quot;:&quot;0&quot;,&quot;shutter_speed&quot;:&quot;0&quot;,&quot;title&quot;:&quot;&quot;,&quot;orientation&quot;:&quot;1&quot;}\" data-image-title=\"Image Capde pour Livraisons Gourmandes_PRINT\" data-image-description=\"\" data-medium-file=\"https:\/\/i0.wp.com\/www.tendm.net\/wp-content\/uploads\/2018\/10\/Image-Capde-pour-Livraisons-Gourmandes_PRINT-.jpg?fit=300%2C200\" data-large-file=\"https:\/\/i0.wp.com\/www.tendm.net\/wp-content\/uploads\/2018\/10\/Image-Capde-pour-Livraisons-Gourmandes_PRINT-.jpg?fit=1024%2C684\" src=\"https:\/\/i0.wp.com\/www.tendm.net\/wp-content\/uploads\/2018\/10\/Image-Capde-pour-Livraisons-Gourmandes_PRINT-.jpg?w=375&#038;h=250\" srcset=\"https:\/\/i0.wp.com\/www.tendm.net\/wp-content\/uploads\/2018\/10\/Image-Capde-pour-Livraisons-Gourmandes_PRINT-.jpg?w=4415 4415w, https:\/\/i0.wp.com\/www.tendm.net\/wp-content\/uploads\/2018\/10\/Image-Capde-pour-Livraisons-Gourmandes_PRINT-.jpg?resize=300%2C200 300w, https:\/\/i0.wp.com\/www.tendm.net\/wp-content\/uploads\/2018\/10\/Image-Capde-pour-Livraisons-Gourmandes_PRINT-.jpg?resize=768%2C513 768w, https:\/\/i0.wp.com\/www.tendm.net\/wp-content\/uploads\/2018\/10\/Image-Capde-pour-Livraisons-Gourmandes_PRINT-.jpg?resize=1024%2C684 1024w, https:\/\/i0.wp.com\/www.tendm.net\/wp-content\/uploads\/2018\/10\/Image-Capde-pour-Livraisons-Gourmandes_PRINT-.jpg?w=2280 2280w, https:\/\/i0.wp.com\/www.tendm.net\/wp-content\/uploads\/2018\/10\/Image-Capde-pour-Livraisons-Gourmandes_PRINT-.jpg?w=3420 3420w\" width=\"375\" height=\"250\" loading=\"lazy\" data-original-width=\"375\" data-original-height=\"250\" itemprop=\"http:\/\/schema.org\/image\" title=\"Image Capde pour Livraisons Gourmandes_PRINT\" alt=\"Image Capde pour Livraisons Gourmandes_PRINT\" style=\"width: 375px; height: 250px;\" \/> <\/a> <\/div> <\/div> <!-- close group --> <\/div> <!-- close row --> <div class=\"gallery-row\" style=\"width: 1140px; height: 279px;\" data-original-width=\"1140\" data-original-height=\"279\" > <div class=\"gallery-group images-1\" style=\"width: 416px; height: 279px;\" data-original-width=\"416\" data-original-height=\"279\" > <div class=\"tiled-gallery-item tiled-gallery-item-large\" itemprop=\"associatedMedia\" itemscope itemtype=\"http:\/\/schema.org\/ImageObject\"> <a href=\"http:\/\/www.tendm.net\/index.php\/capdevielle-traiteur\/image-capdelight\/\" border=\"0\" itemprop=\"url\"> <meta itemprop=\"width\" content=\"412\"> <meta itemprop=\"height\" content=\"275\"> <img loading=\"lazy\" decoding=\"async\" class=\"\" data-attachment-id=\"6528\" data-orig-file=\"http:\/\/www.tendm.net\/wp-content\/uploads\/2018\/10\/image-capdelight.jpg\" data-orig-size=\"1000,667\" data-comments-opened=\"1\" data-image-meta=\"{&quot;aperture&quot;:&quot;0&quot;,&quot;credit&quot;:&quot;&quot;,&quot;camera&quot;:&quot;&quot;,&quot;caption&quot;:&quot;&quot;,&quot;created_timestamp&quot;:&quot;0&quot;,&quot;copyright&quot;:&quot;wWw.xavgalerie.fr&quot;,&quot;focal_length&quot;:&quot;0&quot;,&quot;iso&quot;:&quot;0&quot;,&quot;shutter_speed&quot;:&quot;0&quot;,&quot;title&quot;:&quot;&quot;,&quot;orientation&quot;:&quot;1&quot;}\" data-image-title=\"image capdelight\" data-image-description=\"\" data-medium-file=\"https:\/\/i0.wp.com\/www.tendm.net\/wp-content\/uploads\/2018\/10\/image-capdelight.jpg?fit=300%2C200\" data-large-file=\"https:\/\/i0.wp.com\/www.tendm.net\/wp-content\/uploads\/2018\/10\/image-capdelight.jpg?fit=1000%2C667\" src=\"https:\/\/i0.wp.com\/www.tendm.net\/wp-content\/uploads\/2018\/10\/image-capdelight.jpg?w=412&#038;h=275\" srcset=\"https:\/\/i0.wp.com\/www.tendm.net\/wp-content\/uploads\/2018\/10\/image-capdelight.jpg?w=1000 1000w, https:\/\/i0.wp.com\/www.tendm.net\/wp-content\/uploads\/2018\/10\/image-capdelight.jpg?resize=300%2C200 300w, https:\/\/i0.wp.com\/www.tendm.net\/wp-content\/uploads\/2018\/10\/image-capdelight.jpg?resize=768%2C512 768w\" width=\"412\" height=\"275\" loading=\"lazy\" data-original-width=\"412\" data-original-height=\"275\" itemprop=\"http:\/\/schema.org\/image\" title=\"image capdelight\" alt=\"image capdelight\" style=\"width: 412px; height: 275px;\" \/> <\/a> <\/div> <\/div> <!-- close group --> <div class=\"gallery-group images-1\" style=\"width: 417px; height: 279px;\" data-original-width=\"417\" data-original-height=\"279\" > <div class=\"tiled-gallery-item tiled-gallery-item-large\" itemprop=\"associatedMedia\" itemscope itemtype=\"http:\/\/schema.org\/ImageObject\"> <a href=\"http:\/\/www.tendm.net\/index.php\/capdevielle-traiteur\/nouvelle-photo-bandeaulight\/\" border=\"0\" itemprop=\"url\"> <meta itemprop=\"width\" content=\"413\"> <meta itemprop=\"height\" content=\"275\"> <img loading=\"lazy\" decoding=\"async\" class=\"\" data-attachment-id=\"6529\" data-orig-file=\"http:\/\/www.tendm.net\/wp-content\/uploads\/2018\/10\/nouvelle-photo-bandeaulight.jpg\" data-orig-size=\"1000,665\" data-comments-opened=\"1\" data-image-meta=\"{&quot;aperture&quot;:&quot;4&quot;,&quot;credit&quot;:&quot;&quot;,&quot;camera&quot;:&quot;NIKON D4S&quot;,&quot;caption&quot;:&quot;&quot;,&quot;created_timestamp&quot;:&quot;1458768133&quot;,&quot;copyright&quot;:&quot;ARTISTE ASSOCIE PHOTOGRAPHE&quot;,&quot;focal_length&quot;:&quot;24&quot;,&quot;iso&quot;:&quot;2500&quot;,&quot;shutter_speed&quot;:&quot;0.005&quot;,&quot;title&quot;:&quot;&quot;,&quot;orientation&quot;:&quot;1&quot;}\" data-image-title=\"nouvelle photo bandeaulight\" data-image-description=\"\" data-medium-file=\"https:\/\/i0.wp.com\/www.tendm.net\/wp-content\/uploads\/2018\/10\/nouvelle-photo-bandeaulight.jpg?fit=300%2C200\" data-large-file=\"https:\/\/i0.wp.com\/www.tendm.net\/wp-content\/uploads\/2018\/10\/nouvelle-photo-bandeaulight.jpg?fit=1000%2C665\" src=\"https:\/\/i0.wp.com\/www.tendm.net\/wp-content\/uploads\/2018\/10\/nouvelle-photo-bandeaulight.jpg?w=413&#038;h=275\" srcset=\"https:\/\/i0.wp.com\/www.tendm.net\/wp-content\/uploads\/2018\/10\/nouvelle-photo-bandeaulight.jpg?w=1000 1000w, https:\/\/i0.wp.com\/www.tendm.net\/wp-content\/uploads\/2018\/10\/nouvelle-photo-bandeaulight.jpg?resize=300%2C200 300w, https:\/\/i0.wp.com\/www.tendm.net\/wp-content\/uploads\/2018\/10\/nouvelle-photo-bandeaulight.jpg?resize=768%2C511 768w\" width=\"413\" height=\"275\" loading=\"lazy\" data-original-width=\"413\" data-original-height=\"275\" itemprop=\"http:\/\/schema.org\/image\" title=\"nouvelle photo bandeaulight\" alt=\"nouvelle photo bandeaulight\" style=\"width: 413px; height: 275px;\" \/> <\/a> <\/div> <\/div> <!-- close group --> <div class=\"gallery-group images-1\" style=\"width: 307px; height: 279px;\" data-original-width=\"307\" data-original-height=\"279\" > <div class=\"tiled-gallery-item tiled-gallery-item-large\" itemprop=\"associatedMedia\" itemscope itemtype=\"http:\/\/schema.org\/ImageObject\"> <a href=\"http:\/\/www.tendm.net\/index.php\/capdevielle-traiteur\/35080251_10216886307452842_710623689405628416_nlight\/\" border=\"0\" itemprop=\"url\"> <meta itemprop=\"width\" content=\"303\"> <meta itemprop=\"height\" content=\"275\"> <img loading=\"lazy\" decoding=\"async\" class=\"\" data-attachment-id=\"6530\" data-orig-file=\"http:\/\/www.tendm.net\/wp-content\/uploads\/2018\/10\/35080251_10216886307452842_710623689405628416_nlight.jpg\" data-orig-size=\"1000,905\" data-comments-opened=\"1\" data-image-meta=\"{&quot;aperture&quot;:&quot;0&quot;,&quot;credit&quot;:&quot;&quot;,&quot;camera&quot;:&quot;&quot;,&quot;caption&quot;:&quot;&quot;,&quot;created_timestamp&quot;:&quot;0&quot;,&quot;copyright&quot;:&quot;&quot;,&quot;focal_length&quot;:&quot;0&quot;,&quot;iso&quot;:&quot;0&quot;,&quot;shutter_speed&quot;:&quot;0&quot;,&quot;title&quot;:&quot;&quot;,&quot;orientation&quot;:&quot;0&quot;}\" data-image-title=\"35080251_10216886307452842_710623689405628416_nlight\" data-image-description=\"\" data-medium-file=\"https:\/\/i0.wp.com\/www.tendm.net\/wp-content\/uploads\/2018\/10\/35080251_10216886307452842_710623689405628416_nlight.jpg?fit=300%2C272\" data-large-file=\"https:\/\/i0.wp.com\/www.tendm.net\/wp-content\/uploads\/2018\/10\/35080251_10216886307452842_710623689405628416_nlight.jpg?fit=1000%2C905\" src=\"https:\/\/i0.wp.com\/www.tendm.net\/wp-content\/uploads\/2018\/10\/35080251_10216886307452842_710623689405628416_nlight.jpg?w=303&#038;h=275\" srcset=\"https:\/\/i0.wp.com\/www.tendm.net\/wp-content\/uploads\/2018\/10\/35080251_10216886307452842_710623689405628416_nlight.jpg?w=1000 1000w, https:\/\/i0.wp.com\/www.tendm.net\/wp-content\/uploads\/2018\/10\/35080251_10216886307452842_710623689405628416_nlight.jpg?resize=300%2C272 300w, https:\/\/i0.wp.com\/www.tendm.net\/wp-content\/uploads\/2018\/10\/35080251_10216886307452842_710623689405628416_nlight.jpg?resize=768%2C695 768w\" width=\"303\" height=\"275\" loading=\"lazy\" data-original-width=\"303\" data-original-height=\"275\" itemprop=\"http:\/\/schema.org\/image\" title=\"35080251_10216886307452842_710623689405628416_nlight\" alt=\"35080251_10216886307452842_710623689405628416_nlight\" style=\"width: 303px; height: 275px;\" \/> <\/a> <\/div> <\/div> <!-- close group --> <\/div> <!-- close row --> <\/div>\n","protected":false},"excerpt":{"rendered":"<p>\u00ab\u00a0Ma priorit\u00e9 : la r\u00e9ussite de votre \u00e9v\u00e9nement. Mon \u00e9quipe de Charg\u00e9s de Projet se tient au service de vos envies.\u00a0\u00bb La sp\u00e9cialit\u00e9 de Capdevielle Traiteur ?\u00a0La prestation sur-mesure. Du cocktail anim\u00e9 au d\u00eener de gala de prestige, nous r\u00e9pondrons \u00e0 toutes vos demandes avec la m\u00eame originalit\u00e9. D\u00e9coration des buffets, d\u00e9coration florale et animations [&hellip;]<\/p>\n","protected":false},"author":1,"featured_media":6530,"parent":0,"menu_order":0,"comment_status":"closed","ping_status":"closed","template":"","meta":{"footnotes":""},"jetpack_sharing_enabled":true,"jetpack_shortlink":"https:\/\/wp.me\/P70bXT-1He","jetpack-related-posts":[],"_links":{"self":[{"href":"http:\/\/www.tendm.net\/index.php\/wp-json\/wp\/v2\/pages\/6524"}],"collection":[{"href":"http:\/\/www.tendm.net\/index.php\/wp-json\/wp\/v2\/pages"}],"about":[{"href":"http:\/\/www.tendm.net\/index.php\/wp-json\/wp\/v2\/types\/page"}],"author":[{"embeddable":true,"href":"http:\/\/www.tendm.net\/index.php\/wp-json\/wp\/v2\/users\/1"}],"replies":[{"embeddable":true,"href":"http:\/\/www.tendm.net\/index.php\/wp-json\/wp\/v2\/comments?post=6524"}],"version-history":[{"count":1,"href":"http:\/\/www.tendm.net\/index.php\/wp-json\/wp\/v2\/pages\/6524\/revisions"}],"predecessor-version":[{"id":6531,"href":"http:\/\/www.tendm.net\/index.php\/wp-json\/wp\/v2\/pages\/6524\/revisions\/6531"}],"wp:featuredmedia":[{"embeddable":true,"href":"http:\/\/www.tendm.net\/index.php\/wp-json\/wp\/v2\/media\/6530"}],"wp:attachment":[{"href":"http:\/\/www.tendm.net\/index.php\/wp-json\/wp\/v2\/media?parent=6524"}],"curies":[{"name":"wp","href":"https:\/\/api.w.org\/{rel}","templated":true}]}}