{"id":6589,"date":"2018-10-03T16:26:34","date_gmt":"2018-10-03T15:26:34","guid":{"rendered":"http:\/\/www.tendm.net\/?page_id=6589"},"modified":"2018-10-03T17:06:07","modified_gmt":"2018-10-03T16:06:07","slug":"yvon-mau-groupe-freixenet","status":"publish","type":"page","link":"http:\/\/www.tendm.net\/index.php\/yvon-mau-groupe-freixenet\/","title":{"rendered":"YVON MAU \u2013 GROUPE FREIXENET"},"content":{"rendered":"<h1 style=\"text-align: center;\"><span style=\"color: #808080;\">\u00ab\u00a0N\u00e9e il y a 150 ans dans une petite commune de la province de Barcelone, la signature incontournable du cava est aujourd\u2019hui devenue le premier groupe mondial de vins effervescents.\u00a0\u00bb<\/span><\/h1>\n<p>&nbsp;<\/p>\n<p>Pr\u00e9sent dans 150 pays, le groupe Freixenet a construit sa r\u00e9ussie gr\u00e2ce \u00e0 son c\u00e9l\u00e8bre cava et \u00e0 une gamme compl\u00e8te.<\/p>\n<p>Disponibles en grande distribution et dans le r\u00e9seau CHR, les bulles Freixenet s\u00e9duisent une client\u00e8le cosmopolite et urbaine en qu\u00eate de l\u2019esprit festif Barcelonais\u00a0!<\/p>\n<p>Nous proposons pour la th\u00e9matique mariage, un format mini 20 cl de notre cuv\u00e9e embl\u00e9matique Freixenet Cordon Negro 100% personnalisable. Les id\u00e9es pour la personnaliser sont infinies, pour le plus grand bonheur des invit\u00e9s qui adoreront la siroter avec une paille au vin d\u2019honneur ou bien la d\u00e9couvrir en cadeau sur leur table.<\/p>\n<p style=\"text-align: center;\"><span style=\"color: #808080;\"><strong>Contact :<br \/>\n<\/strong><\/span><span style=\"color: #808080;\">Justine MERCIER et Laure-H\u00e9l\u00e8ne LANDREAU<br \/>\n<\/span><span style=\"color: #808080;\">05.56.71.76.00<br \/>\n<\/span><span style=\"color: #808080;\"><a style=\"color: #808080;\" href=\"justine.mercier@yvonmau.fr\">justine.mercier@yvonmau.fr<\/a><br \/>\n<\/span><span style=\"color: #808080;\"><a style=\"color: #808080;\" href=\"http:\/\/www.freixenet.fr\/\">www.freixenet.fr<\/a><a style=\"color: #808080;\" href=\"mailto:les57facettes@yahoo.fr\"><br \/>\n<\/a><a style=\"color: #808080;\" href=\"https:\/\/www.facebook.com\/57facettes\/\">Facebook<br \/>\n<\/a><a style=\"color: #808080;\" href=\"https:\/\/www.instagram.com\/freixenetfrance\/\">Instagram<\/a><br \/>\n<a style=\"color: #808080;\" href=\"https:\/\/www.linkedin.com\/company\/yvon-mau\/\">Linkedin<\/a><\/span><\/p>\n<div class=\"tiled-gallery type-rectangular tiled-gallery-unresized\" data-original-width=\"1140\" data-carousel-extra='{&quot;blog_id&quot;:1,&quot;permalink&quot;:&quot;http:\\\/\\\/www.tendm.net\\\/index.php\\\/yvon-mau-groupe-freixenet\\\/&quot;,&quot;likes_blog_id&quot;:103480349}' itemscope itemtype=\"http:\/\/schema.org\/ImageGallery\" > <div class=\"gallery-row\" style=\"width: 1140px; height: 508px;\" data-original-width=\"1140\" data-original-height=\"508\" > <div class=\"gallery-group images-1\" style=\"width: 761px; height: 508px;\" data-original-width=\"761\" data-original-height=\"508\" > <div class=\"tiled-gallery-item tiled-gallery-item-large\" itemprop=\"associatedMedia\" itemscope itemtype=\"http:\/\/schema.org\/ImageObject\"> <a href=\"http:\/\/www.tendm.net\/index.php\/yvon-mau-groupe-freixenet\/freixenet_andyfest-9light\/\" border=\"0\" itemprop=\"url\"> <meta itemprop=\"width\" content=\"757\"> <meta itemprop=\"height\" content=\"504\"> <img loading=\"lazy\" decoding=\"async\" class=\"\" data-attachment-id=\"6615\" data-orig-file=\"http:\/\/www.tendm.net\/wp-content\/uploads\/2018\/10\/Freixenet_AndyFest-9light.jpg\" data-orig-size=\"1000,666\" data-comments-opened=\"1\" data-image-meta=\"{&quot;aperture&quot;:&quot;4&quot;,&quot;credit&quot;:&quot;&quot;,&quot;camera&quot;:&quot;Canon EOS 5D Mark IV&quot;,&quot;caption&quot;:&quot;&quot;,&quot;created_timestamp&quot;:&quot;1509730126&quot;,&quot;copyright&quot;:&quot;&quot;,&quot;focal_length&quot;:&quot;35&quot;,&quot;iso&quot;:&quot;800&quot;,&quot;shutter_speed&quot;:&quot;0.016666666666667&quot;,&quot;title&quot;:&quot;&quot;,&quot;orientation&quot;:&quot;0&quot;}\" data-image-title=\"Freixenet_AndyFest-9light\" data-image-description=\"&lt;p&gt;YVON MAU &#8211; Freixenet&lt;\/p&gt; \" data-medium-file=\"https:\/\/i0.wp.com\/www.tendm.net\/wp-content\/uploads\/2018\/10\/Freixenet_AndyFest-9light.jpg?fit=300%2C200\" data-large-file=\"https:\/\/i0.wp.com\/www.tendm.net\/wp-content\/uploads\/2018\/10\/Freixenet_AndyFest-9light.jpg?fit=1000%2C666\" src=\"https:\/\/i0.wp.com\/www.tendm.net\/wp-content\/uploads\/2018\/10\/Freixenet_AndyFest-9light.jpg?w=757&#038;h=504\" srcset=\"https:\/\/i0.wp.com\/www.tendm.net\/wp-content\/uploads\/2018\/10\/Freixenet_AndyFest-9light.jpg?w=1000 1000w, https:\/\/i0.wp.com\/www.tendm.net\/wp-content\/uploads\/2018\/10\/Freixenet_AndyFest-9light.jpg?resize=300%2C200 300w, https:\/\/i0.wp.com\/www.tendm.net\/wp-content\/uploads\/2018\/10\/Freixenet_AndyFest-9light.jpg?resize=768%2C511 768w\" width=\"757\" height=\"504\" loading=\"lazy\" data-original-width=\"757\" data-original-height=\"504\" itemprop=\"http:\/\/schema.org\/image\" title=\"Freixenet_AndyFest-9light\" alt=\"Boisson\" style=\"width: 757px; height: 504px;\" \/> <\/a> <div class=\"tiled-gallery-caption\" itemprop=\"caption description\"> Boisson <\/div> <\/div> <\/div> <!-- close group --> <div class=\"gallery-group images-2\" style=\"width: 379px; height: 508px;\" data-original-width=\"379\" data-original-height=\"508\" > <div class=\"tiled-gallery-item tiled-gallery-item-large\" itemprop=\"associatedMedia\" itemscope itemtype=\"http:\/\/schema.org\/ImageObject\"> <a href=\"http:\/\/www.tendm.net\/index.php\/yvon-mau-groupe-freixenet\/freixenet_andyfest-13-jpglight\/\" border=\"0\" itemprop=\"url\"> <meta itemprop=\"width\" content=\"375\"> <meta itemprop=\"height\" content=\"250\"> <img loading=\"lazy\" decoding=\"async\" class=\"\" data-attachment-id=\"6616\" data-orig-file=\"http:\/\/www.tendm.net\/wp-content\/uploads\/2018\/10\/Freixenet_AndyFest-13.jpgLIGHT.jpg\" data-orig-size=\"600,400\" data-comments-opened=\"1\" data-image-meta=\"{&quot;aperture&quot;:&quot;4&quot;,&quot;credit&quot;:&quot;&quot;,&quot;camera&quot;:&quot;Canon EOS 5D Mark IV&quot;,&quot;caption&quot;:&quot;&quot;,&quot;created_timestamp&quot;:&quot;1509730795&quot;,&quot;copyright&quot;:&quot;&quot;,&quot;focal_length&quot;:&quot;35&quot;,&quot;iso&quot;:&quot;800&quot;,&quot;shutter_speed&quot;:&quot;0.016666666666667&quot;,&quot;title&quot;:&quot;&quot;,&quot;orientation&quot;:&quot;0&quot;}\" data-image-title=\"Freixenet_AndyFest-13.jpgLIGHT\" data-image-description=\"\" data-medium-file=\"https:\/\/i0.wp.com\/www.tendm.net\/wp-content\/uploads\/2018\/10\/Freixenet_AndyFest-13.jpgLIGHT.jpg?fit=300%2C200\" data-large-file=\"https:\/\/i0.wp.com\/www.tendm.net\/wp-content\/uploads\/2018\/10\/Freixenet_AndyFest-13.jpgLIGHT.jpg?fit=600%2C400\" src=\"https:\/\/i0.wp.com\/www.tendm.net\/wp-content\/uploads\/2018\/10\/Freixenet_AndyFest-13.jpgLIGHT.jpg?w=375&#038;h=250\" srcset=\"https:\/\/i0.wp.com\/www.tendm.net\/wp-content\/uploads\/2018\/10\/Freixenet_AndyFest-13.jpgLIGHT.jpg?w=600 600w, https:\/\/i0.wp.com\/www.tendm.net\/wp-content\/uploads\/2018\/10\/Freixenet_AndyFest-13.jpgLIGHT.jpg?resize=300%2C200 300w\" width=\"375\" height=\"250\" loading=\"lazy\" data-original-width=\"375\" data-original-height=\"250\" itemprop=\"http:\/\/schema.org\/image\" title=\"Freixenet_AndyFest-13.jpgLIGHT\" alt=\"Freixenet_AndyFest-13.jpgLIGHT\" style=\"width: 375px; height: 250px;\" \/> <\/a> <\/div> <div class=\"tiled-gallery-item tiled-gallery-item-large\" itemprop=\"associatedMedia\" itemscope itemtype=\"http:\/\/schema.org\/ImageObject\"> <a href=\"http:\/\/www.tendm.net\/index.php\/yvon-mau-groupe-freixenet\/freixenet_andyfest-19-jpglight\/\" border=\"0\" itemprop=\"url\"> <meta itemprop=\"width\" content=\"375\"> <meta itemprop=\"height\" content=\"250\"> <img loading=\"lazy\" decoding=\"async\" class=\"\" data-attachment-id=\"6617\" data-orig-file=\"http:\/\/www.tendm.net\/wp-content\/uploads\/2018\/10\/Freixenet_AndyFest-19.jpgLIGHT.jpg\" data-orig-size=\"600,400\" data-comments-opened=\"1\" data-image-meta=\"{&quot;aperture&quot;:&quot;2.2&quot;,&quot;credit&quot;:&quot;&quot;,&quot;camera&quot;:&quot;Canon EOS 5D Mark IV&quot;,&quot;caption&quot;:&quot;&quot;,&quot;created_timestamp&quot;:&quot;1509731729&quot;,&quot;copyright&quot;:&quot;&quot;,&quot;focal_length&quot;:&quot;35&quot;,&quot;iso&quot;:&quot;400&quot;,&quot;shutter_speed&quot;:&quot;0.04&quot;,&quot;title&quot;:&quot;&quot;,&quot;orientation&quot;:&quot;0&quot;}\" data-image-title=\"Freixenet_AndyFest-19.jpgLIGHT\" data-image-description=\"\" data-medium-file=\"https:\/\/i0.wp.com\/www.tendm.net\/wp-content\/uploads\/2018\/10\/Freixenet_AndyFest-19.jpgLIGHT.jpg?fit=300%2C200\" data-large-file=\"https:\/\/i0.wp.com\/www.tendm.net\/wp-content\/uploads\/2018\/10\/Freixenet_AndyFest-19.jpgLIGHT.jpg?fit=600%2C400\" src=\"https:\/\/i0.wp.com\/www.tendm.net\/wp-content\/uploads\/2018\/10\/Freixenet_AndyFest-19.jpgLIGHT.jpg?w=375&#038;h=250\" srcset=\"https:\/\/i0.wp.com\/www.tendm.net\/wp-content\/uploads\/2018\/10\/Freixenet_AndyFest-19.jpgLIGHT.jpg?w=600 600w, https:\/\/i0.wp.com\/www.tendm.net\/wp-content\/uploads\/2018\/10\/Freixenet_AndyFest-19.jpgLIGHT.jpg?resize=300%2C200 300w\" width=\"375\" height=\"250\" loading=\"lazy\" data-original-width=\"375\" data-original-height=\"250\" itemprop=\"http:\/\/schema.org\/image\" title=\"Freixenet_AndyFest-19.jpgLIGHT\" alt=\"Freixenet_AndyFest-19.jpgLIGHT\" style=\"width: 375px; height: 250px;\" \/> <\/a> <\/div> <\/div> <!-- close group --> <\/div> <!-- close row --> <div class=\"gallery-row\" style=\"width: 1140px; height: 312px;\" data-original-width=\"1140\" data-original-height=\"312\" > <div class=\"gallery-group images-1\" style=\"width: 466px; height: 312px;\" data-original-width=\"466\" data-original-height=\"312\" > <div class=\"tiled-gallery-item tiled-gallery-item-large\" itemprop=\"associatedMedia\" itemscope itemtype=\"http:\/\/schema.org\/ImageObject\"> <a href=\"http:\/\/www.tendm.net\/index.php\/yvon-mau-groupe-freixenet\/freixenet_andyfest-20-jpglight\/\" border=\"0\" itemprop=\"url\"> <meta itemprop=\"width\" content=\"462\"> <meta itemprop=\"height\" content=\"308\"> <img loading=\"lazy\" decoding=\"async\" class=\"\" data-attachment-id=\"6618\" data-orig-file=\"http:\/\/www.tendm.net\/wp-content\/uploads\/2018\/10\/Freixenet_AndyFest-20.jpgLIGHT.jpg\" data-orig-size=\"600,400\" data-comments-opened=\"1\" data-image-meta=\"{&quot;aperture&quot;:&quot;2.2&quot;,&quot;credit&quot;:&quot;&quot;,&quot;camera&quot;:&quot;Canon EOS 5D Mark IV&quot;,&quot;caption&quot;:&quot;&quot;,&quot;created_timestamp&quot;:&quot;1509731833&quot;,&quot;copyright&quot;:&quot;&quot;,&quot;focal_length&quot;:&quot;35&quot;,&quot;iso&quot;:&quot;400&quot;,&quot;shutter_speed&quot;:&quot;0.04&quot;,&quot;title&quot;:&quot;&quot;,&quot;orientation&quot;:&quot;0&quot;}\" data-image-title=\"Freixenet_AndyFest-20.jpgLIGHT\" data-image-description=\"\" data-medium-file=\"https:\/\/i0.wp.com\/www.tendm.net\/wp-content\/uploads\/2018\/10\/Freixenet_AndyFest-20.jpgLIGHT.jpg?fit=300%2C200\" data-large-file=\"https:\/\/i0.wp.com\/www.tendm.net\/wp-content\/uploads\/2018\/10\/Freixenet_AndyFest-20.jpgLIGHT.jpg?fit=600%2C400\" src=\"https:\/\/i0.wp.com\/www.tendm.net\/wp-content\/uploads\/2018\/10\/Freixenet_AndyFest-20.jpgLIGHT.jpg?w=462&#038;h=308\" srcset=\"https:\/\/i0.wp.com\/www.tendm.net\/wp-content\/uploads\/2018\/10\/Freixenet_AndyFest-20.jpgLIGHT.jpg?w=600 600w, https:\/\/i0.wp.com\/www.tendm.net\/wp-content\/uploads\/2018\/10\/Freixenet_AndyFest-20.jpgLIGHT.jpg?resize=300%2C200 300w\" width=\"462\" height=\"308\" loading=\"lazy\" data-original-width=\"462\" data-original-height=\"308\" itemprop=\"http:\/\/schema.org\/image\" title=\"Freixenet_AndyFest-20.jpgLIGHT\" alt=\"Freixenet_AndyFest-20.jpgLIGHT\" style=\"width: 462px; height: 308px;\" \/> <\/a> <\/div> <\/div> <!-- close group --> <div class=\"gallery-group images-1\" style=\"width: 209px; height: 312px;\" data-original-width=\"209\" data-original-height=\"312\" > <div class=\"tiled-gallery-item tiled-gallery-item-small\" itemprop=\"associatedMedia\" itemscope itemtype=\"http:\/\/schema.org\/ImageObject\"> <a href=\"http:\/\/www.tendm.net\/index.php\/yvon-mau-groupe-freixenet\/freixenet_andyfest-29-jpglight\/\" border=\"0\" itemprop=\"url\"> <meta itemprop=\"width\" content=\"205\"> <meta itemprop=\"height\" content=\"308\"> <img loading=\"lazy\" decoding=\"async\" class=\"\" data-attachment-id=\"6619\" data-orig-file=\"http:\/\/www.tendm.net\/wp-content\/uploads\/2018\/10\/Freixenet_AndyFest-29.jpgLIGHT.jpg\" data-orig-size=\"400,600\" data-comments-opened=\"1\" data-image-meta=\"{&quot;aperture&quot;:&quot;2&quot;,&quot;credit&quot;:&quot;&quot;,&quot;camera&quot;:&quot;Canon EOS 5D Mark IV&quot;,&quot;caption&quot;:&quot;&quot;,&quot;created_timestamp&quot;:&quot;1509732775&quot;,&quot;copyright&quot;:&quot;&quot;,&quot;focal_length&quot;:&quot;35&quot;,&quot;iso&quot;:&quot;200&quot;,&quot;shutter_speed&quot;:&quot;0.033333333333333&quot;,&quot;title&quot;:&quot;&quot;,&quot;orientation&quot;:&quot;0&quot;}\" data-image-title=\"Freixenet_AndyFest-29.jpgLIGHT\" data-image-description=\"\" data-medium-file=\"https:\/\/i0.wp.com\/www.tendm.net\/wp-content\/uploads\/2018\/10\/Freixenet_AndyFest-29.jpgLIGHT.jpg?fit=200%2C300\" data-large-file=\"https:\/\/i0.wp.com\/www.tendm.net\/wp-content\/uploads\/2018\/10\/Freixenet_AndyFest-29.jpgLIGHT.jpg?fit=400%2C600\" src=\"https:\/\/i0.wp.com\/www.tendm.net\/wp-content\/uploads\/2018\/10\/Freixenet_AndyFest-29.jpgLIGHT.jpg?w=205&#038;h=308\" srcset=\"https:\/\/i0.wp.com\/www.tendm.net\/wp-content\/uploads\/2018\/10\/Freixenet_AndyFest-29.jpgLIGHT.jpg?w=400 400w, https:\/\/i0.wp.com\/www.tendm.net\/wp-content\/uploads\/2018\/10\/Freixenet_AndyFest-29.jpgLIGHT.jpg?resize=200%2C300 200w\" width=\"205\" height=\"308\" loading=\"lazy\" data-original-width=\"205\" data-original-height=\"308\" itemprop=\"http:\/\/schema.org\/image\" title=\"Freixenet_AndyFest-29.jpgLIGHT\" alt=\"Freixenet_AndyFest-29.jpgLIGHT\" style=\"width: 205px; height: 308px;\" \/> <\/a> <\/div> <\/div> <!-- close group --> <div class=\"gallery-group images-1\" style=\"width: 465px; height: 312px;\" data-original-width=\"465\" data-original-height=\"312\" > <div class=\"tiled-gallery-item tiled-gallery-item-large\" itemprop=\"associatedMedia\" itemscope itemtype=\"http:\/\/schema.org\/ImageObject\"> <a href=\"http:\/\/www.tendm.net\/index.php\/yvon-mau-groupe-freixenet\/photo-accueil-freixenet-jpglight\/\" border=\"0\" itemprop=\"url\"> <meta itemprop=\"width\" content=\"461\"> <meta itemprop=\"height\" content=\"308\"> <img loading=\"lazy\" decoding=\"async\" class=\"\" data-attachment-id=\"6620\" data-orig-file=\"http:\/\/www.tendm.net\/wp-content\/uploads\/2018\/10\/PHOTO-ACCUEIL-FREIXENET.jpgLIGHT.jpg\" data-orig-size=\"600,400\" data-comments-opened=\"1\" data-image-meta=\"{&quot;aperture&quot;:&quot;4&quot;,&quot;credit&quot;:&quot;&quot;,&quot;camera&quot;:&quot;Canon EOS 5D Mark IV&quot;,&quot;caption&quot;:&quot;&quot;,&quot;created_timestamp&quot;:&quot;1509729682&quot;,&quot;copyright&quot;:&quot;&quot;,&quot;focal_length&quot;:&quot;35&quot;,&quot;iso&quot;:&quot;1600&quot;,&quot;shutter_speed&quot;:&quot;0.016666666666667&quot;,&quot;title&quot;:&quot;&quot;,&quot;orientation&quot;:&quot;0&quot;}\" data-image-title=\"PHOTO ACCUEIL FREIXENET.jpgLIGHT\" data-image-description=\"&lt;p&gt;Yvon Mau &#8211; Freixenet&lt;\/p&gt; \" data-medium-file=\"https:\/\/i0.wp.com\/www.tendm.net\/wp-content\/uploads\/2018\/10\/PHOTO-ACCUEIL-FREIXENET.jpgLIGHT.jpg?fit=300%2C200\" data-large-file=\"https:\/\/i0.wp.com\/www.tendm.net\/wp-content\/uploads\/2018\/10\/PHOTO-ACCUEIL-FREIXENET.jpgLIGHT.jpg?fit=600%2C400\" src=\"https:\/\/i0.wp.com\/www.tendm.net\/wp-content\/uploads\/2018\/10\/PHOTO-ACCUEIL-FREIXENET.jpgLIGHT.jpg?w=461&#038;h=308\" srcset=\"https:\/\/i0.wp.com\/www.tendm.net\/wp-content\/uploads\/2018\/10\/PHOTO-ACCUEIL-FREIXENET.jpgLIGHT.jpg?w=600 600w, https:\/\/i0.wp.com\/www.tendm.net\/wp-content\/uploads\/2018\/10\/PHOTO-ACCUEIL-FREIXENET.jpgLIGHT.jpg?resize=300%2C200 300w\" width=\"461\" height=\"308\" loading=\"lazy\" data-original-width=\"461\" data-original-height=\"308\" itemprop=\"http:\/\/schema.org\/image\" title=\"PHOTO ACCUEIL FREIXENET.jpgLIGHT\" alt=\"Boisson\" style=\"width: 461px; height: 308px;\" \/> <\/a> <div class=\"tiled-gallery-caption\" itemprop=\"caption description\"> Boisson <\/div> <\/div> <\/div> <!-- close group --> <\/div> <!-- close row --> <div class=\"gallery-row\" style=\"width: 1140px; height: 429px;\" data-original-width=\"1140\" data-original-height=\"429\" > <div class=\"gallery-group images-1\" style=\"width: 287px; height: 429px;\" data-original-width=\"287\" data-original-height=\"429\" > <div class=\"tiled-gallery-item tiled-gallery-item-large\" itemprop=\"associatedMedia\" itemscope itemtype=\"http:\/\/schema.org\/ImageObject\"> <a href=\"http:\/\/www.tendm.net\/index.php\/yvon-mau-groupe-freixenet\/table-mariage-noir-or-04d\/\" border=\"0\" itemprop=\"url\"> <meta itemprop=\"width\" content=\"283\"> <meta itemprop=\"height\" content=\"425\"> <img loading=\"lazy\" decoding=\"async\" class=\"\" data-attachment-id=\"6621\" data-orig-file=\"http:\/\/www.tendm.net\/wp-content\/uploads\/2018\/10\/Table-mariage-noir-or-04d.jpg\" data-orig-size=\"600,900\" data-comments-opened=\"1\" data-image-meta=\"{&quot;aperture&quot;:&quot;0&quot;,&quot;credit&quot;:&quot;&quot;,&quot;camera&quot;:&quot;&quot;,&quot;caption&quot;:&quot;&quot;,&quot;created_timestamp&quot;:&quot;0&quot;,&quot;copyright&quot;:&quot;&quot;,&quot;focal_length&quot;:&quot;0&quot;,&quot;iso&quot;:&quot;0&quot;,&quot;shutter_speed&quot;:&quot;0&quot;,&quot;title&quot;:&quot;&quot;,&quot;orientation&quot;:&quot;0&quot;}\" data-image-title=\"Table-mariage-noir-or-04d\" data-image-description=\"\" data-medium-file=\"https:\/\/i0.wp.com\/www.tendm.net\/wp-content\/uploads\/2018\/10\/Table-mariage-noir-or-04d.jpg?fit=200%2C300\" data-large-file=\"https:\/\/i0.wp.com\/www.tendm.net\/wp-content\/uploads\/2018\/10\/Table-mariage-noir-or-04d.jpg?fit=600%2C900\" src=\"https:\/\/i0.wp.com\/www.tendm.net\/wp-content\/uploads\/2018\/10\/Table-mariage-noir-or-04d.jpg?w=283&#038;h=425\" srcset=\"https:\/\/i0.wp.com\/www.tendm.net\/wp-content\/uploads\/2018\/10\/Table-mariage-noir-or-04d.jpg?w=600 600w, https:\/\/i0.wp.com\/www.tendm.net\/wp-content\/uploads\/2018\/10\/Table-mariage-noir-or-04d.jpg?resize=200%2C300 200w\" width=\"283\" height=\"425\" loading=\"lazy\" data-original-width=\"283\" data-original-height=\"425\" itemprop=\"http:\/\/schema.org\/image\" title=\"Table-mariage-noir-or-04d\" alt=\"Table-mariage-noir-or-04d\" style=\"width: 283px; height: 425px;\" \/> <\/a> <\/div> <\/div> <!-- close group --> <div class=\"gallery-group images-1\" style=\"width: 853px; height: 429px;\" data-original-width=\"853\" data-original-height=\"429\" > <div class=\"tiled-gallery-item tiled-gallery-item-large\" itemprop=\"associatedMedia\" itemscope itemtype=\"http:\/\/schema.org\/ImageObject\"> <a href=\"http:\/\/www.tendm.net\/index.php\/yvon-mau-groupe-freixenet\/table-mariage-noir-or-header-ok-1000x0\/\" border=\"0\" itemprop=\"url\"> <meta itemprop=\"width\" content=\"849\"> <meta itemprop=\"height\" content=\"425\"> <img loading=\"lazy\" decoding=\"async\" class=\"\" data-attachment-id=\"6622\" data-orig-file=\"http:\/\/www.tendm.net\/wp-content\/uploads\/2018\/10\/Table-mariage-noir-or-header-OK-1000x0.jpg\" data-orig-size=\"1000,500\" data-comments-opened=\"1\" data-image-meta=\"{&quot;aperture&quot;:&quot;0&quot;,&quot;credit&quot;:&quot;&quot;,&quot;camera&quot;:&quot;&quot;,&quot;caption&quot;:&quot;&quot;,&quot;created_timestamp&quot;:&quot;0&quot;,&quot;copyright&quot;:&quot;&quot;,&quot;focal_length&quot;:&quot;0&quot;,&quot;iso&quot;:&quot;0&quot;,&quot;shutter_speed&quot;:&quot;0&quot;,&quot;title&quot;:&quot;&quot;,&quot;orientation&quot;:&quot;0&quot;}\" data-image-title=\"Table-mariage-noir-or-header-OK-1000&#215;0\" data-image-description=\"\" data-medium-file=\"https:\/\/i0.wp.com\/www.tendm.net\/wp-content\/uploads\/2018\/10\/Table-mariage-noir-or-header-OK-1000x0.jpg?fit=300%2C150\" data-large-file=\"https:\/\/i0.wp.com\/www.tendm.net\/wp-content\/uploads\/2018\/10\/Table-mariage-noir-or-header-OK-1000x0.jpg?fit=1000%2C500\" src=\"https:\/\/i0.wp.com\/www.tendm.net\/wp-content\/uploads\/2018\/10\/Table-mariage-noir-or-header-OK-1000x0.jpg?w=849&#038;h=425\" srcset=\"https:\/\/i0.wp.com\/www.tendm.net\/wp-content\/uploads\/2018\/10\/Table-mariage-noir-or-header-OK-1000x0.jpg?w=1000 1000w, https:\/\/i0.wp.com\/www.tendm.net\/wp-content\/uploads\/2018\/10\/Table-mariage-noir-or-header-OK-1000x0.jpg?resize=300%2C150 300w, https:\/\/i0.wp.com\/www.tendm.net\/wp-content\/uploads\/2018\/10\/Table-mariage-noir-or-header-OK-1000x0.jpg?resize=768%2C384 768w\" width=\"849\" height=\"425\" loading=\"lazy\" data-original-width=\"849\" data-original-height=\"425\" itemprop=\"http:\/\/schema.org\/image\" title=\"Table-mariage-noir-or-header-OK-1000x0\" alt=\"Table-mariage-noir-or-header-OK-1000x0\" style=\"width: 849px; height: 425px;\" \/> <\/a> <\/div> <\/div> <!-- close group --> <\/div> <!-- close row --> <\/div>\n<p style=\"text-align: center;\">\n","protected":false},"excerpt":{"rendered":"<p>\u00ab\u00a0N\u00e9e il y a 150 ans dans une petite commune de la province de Barcelone, la signature incontournable du cava est aujourd\u2019hui devenue le premier groupe mondial de vins effervescents.\u00a0\u00bb &nbsp; Pr\u00e9sent dans 150 pays, le groupe Freixenet a construit sa r\u00e9ussie gr\u00e2ce \u00e0 son c\u00e9l\u00e8bre cava et \u00e0 une gamme compl\u00e8te. Disponibles en grande [&hellip;]<\/p>\n","protected":false},"author":1,"featured_media":6595,"parent":0,"menu_order":0,"comment_status":"closed","ping_status":"closed","template":"","meta":{"footnotes":""},"jetpack_sharing_enabled":true,"jetpack_shortlink":"https:\/\/wp.me\/P70bXT-1Ih","jetpack-related-posts":[],"_links":{"self":[{"href":"http:\/\/www.tendm.net\/index.php\/wp-json\/wp\/v2\/pages\/6589"}],"collection":[{"href":"http:\/\/www.tendm.net\/index.php\/wp-json\/wp\/v2\/pages"}],"about":[{"href":"http:\/\/www.tendm.net\/index.php\/wp-json\/wp\/v2\/types\/page"}],"author":[{"embeddable":true,"href":"http:\/\/www.tendm.net\/index.php\/wp-json\/wp\/v2\/users\/1"}],"replies":[{"embeddable":true,"href":"http:\/\/www.tendm.net\/index.php\/wp-json\/wp\/v2\/comments?post=6589"}],"version-history":[{"count":5,"href":"http:\/\/www.tendm.net\/index.php\/wp-json\/wp\/v2\/pages\/6589\/revisions"}],"predecessor-version":[{"id":6638,"href":"http:\/\/www.tendm.net\/index.php\/wp-json\/wp\/v2\/pages\/6589\/revisions\/6638"}],"wp:featuredmedia":[{"embeddable":true,"href":"http:\/\/www.tendm.net\/index.php\/wp-json\/wp\/v2\/media\/6595"}],"wp:attachment":[{"href":"http:\/\/www.tendm.net\/index.php\/wp-json\/wp\/v2\/media?parent=6589"}],"curies":[{"name":"wp","href":"https:\/\/api.w.org\/{rel}","templated":true}]}}