{"id":6699,"date":"2018-10-05T20:06:28","date_gmt":"2018-10-05T19:06:28","guid":{"rendered":"http:\/\/www.tendm.net\/?page_id=6699"},"modified":"2018-10-05T20:06:28","modified_gmt":"2018-10-05T19:06:28","slug":"mademoiselle-aime","status":"publish","type":"page","link":"http:\/\/www.tendm.net\/index.php\/mademoiselle-aime\/","title":{"rendered":"Mademoiselle Aime"},"content":{"rendered":"<h1 style=\"text-align: center;\"><span style=\"color: #808080;\">\u00ab\u00a0Chaque motif est dessin\u00e9 \u00e0 la main vous ne les retrouverez donc nulle part ailleurs !\u00a0\u00bb<\/span><\/h1>\n<p>Mademoiselle Aime est une marque de bijoux fantaisies haut de gamme. Inspir\u00e9 du voyage, chaque bijoux est cr\u00e9\u00e9 dans notre atelier Bordelais \u00e0 partir de mat\u00e9riaux de qualit\u00e9. Chaque bijou est dor\u00e9 \u00e0 l&rsquo;or fin dans un atelier parisien. Chaque motif est dessin\u00e9 \u00e0 la main vous ne les retrouverez donc nulle part ailleurs !<\/p>\n<p>Services propos\u00e9s :<\/p>\n<ul>\n<li>Vente de bijoux<\/li>\n<li>3 jours de d\u00e9lais<\/li>\n<li>Fourchette de prix : entre 20 &amp; 110\u20ac<\/li>\n<li>Tout mode de paiement est accept\u00e9<\/li>\n<\/ul>\n<p style=\"text-align: center;\"><strong><span style=\"color: #808080;\">Contact :<\/span><\/strong><br \/>\n<span style=\"color: #808080;\"><strong>Mademoiselle Aime<\/strong> <\/span><br \/>\n<span style=\"color: #808080;\">Elodie Morel<\/span><br \/>\n<span style=\"color: #808080;\">183 Route de Pessac<\/span><br \/>\n<span style=\"color: #808080;\">33170 Gradignan<\/span><br \/>\n<span style=\"color: #808080;\">06 78 03 03 48<\/span><br \/>\n<span style=\"color: #808080;\"><a style=\"color: #808080;\" href=\"http:\/\/www.mlle-aime.com\">www.mlle-aime.com<\/a><\/span><br \/>\n<span style=\"color: #808080;\"><a style=\"color: #808080;\" href=\"mailto:lodiemorel@gmail.com\">lodiemorel@gmail.com<\/a><\/span><br \/>\n<span style=\"color: #808080;\"><a style=\"color: #808080;\" href=\"https:\/\/www.facebook.com\/MademoiselleAimebijoux\/\">Facebook<\/a><\/span><br \/>\n<span style=\"color: #808080;\"><a style=\"color: #808080;\" href=\"https:\/\/www.instagram.com\/mademoiselle_aime_bijoux\/\">Instagram<\/a><\/span><\/p>\n<div class=\"tiled-gallery type-rectangular tiled-gallery-unresized\" data-original-width=\"1140\" data-carousel-extra='{&quot;blog_id&quot;:1,&quot;permalink&quot;:&quot;http:\\\/\\\/www.tendm.net\\\/index.php\\\/mademoiselle-aime\\\/&quot;,&quot;likes_blog_id&quot;:103480349}' itemscope itemtype=\"http:\/\/schema.org\/ImageGallery\" > <div class=\"gallery-row\" style=\"width: 1140px; height: 760px;\" data-original-width=\"1140\" data-original-height=\"760\" > <div class=\"gallery-group images-1\" style=\"width: 760px; height: 760px;\" data-original-width=\"760\" data-original-height=\"760\" > <div class=\"tiled-gallery-item tiled-gallery-item-large\" itemprop=\"associatedMedia\" itemscope itemtype=\"http:\/\/schema.org\/ImageObject\"> <a href=\"http:\/\/www.tendm.net\/index.php\/mademoiselle-aime\/ba1_amaya_portee_3web\/\" border=\"0\" itemprop=\"url\"> <meta itemprop=\"width\" content=\"756\"> <meta itemprop=\"height\" content=\"756\"> <img loading=\"lazy\" decoding=\"async\" class=\"\" data-attachment-id=\"6703\" data-orig-file=\"http:\/\/www.tendm.net\/wp-content\/uploads\/2018\/10\/BA1_AMAYA_PORTE\u0301E_3web.jpg\" data-orig-size=\"1300,1300\" data-comments-opened=\"1\" data-image-meta=\"{&quot;aperture&quot;:&quot;2.8&quot;,&quot;credit&quot;:&quot;&quot;,&quot;camera&quot;:&quot;Canon EOS 6D&quot;,&quot;caption&quot;:&quot;&quot;,&quot;created_timestamp&quot;:&quot;1425071597&quot;,&quot;copyright&quot;:&quot;&quot;,&quot;focal_length&quot;:&quot;38&quot;,&quot;iso&quot;:&quot;400&quot;,&quot;shutter_speed&quot;:&quot;0.033333333333333&quot;,&quot;title&quot;:&quot;&quot;,&quot;orientation&quot;:&quot;1&quot;}\" data-image-title=\"BA1_AMAYA_PORTE\u0301E_3web\" data-image-description=\"\" data-medium-file=\"https:\/\/i0.wp.com\/www.tendm.net\/wp-content\/uploads\/2018\/10\/BA1_AMAYA_PORTE\u0301E_3web.jpg?fit=300%2C300\" data-large-file=\"https:\/\/i0.wp.com\/www.tendm.net\/wp-content\/uploads\/2018\/10\/BA1_AMAYA_PORTE\u0301E_3web.jpg?fit=1024%2C1024\" src=\"https:\/\/i0.wp.com\/www.tendm.net\/wp-content\/uploads\/2018\/10\/BA1_AMAYA_PORTE\u0301E_3web.jpg?w=756&#038;h=756&#038;crop=1\" srcset=\"https:\/\/i0.wp.com\/www.tendm.net\/wp-content\/uploads\/2018\/10\/BA1_AMAYA_PORTE\u0301E_3web.jpg?w=1300 1300w, https:\/\/i0.wp.com\/www.tendm.net\/wp-content\/uploads\/2018\/10\/BA1_AMAYA_PORTE\u0301E_3web.jpg?resize=150%2C150 150w, https:\/\/i0.wp.com\/www.tendm.net\/wp-content\/uploads\/2018\/10\/BA1_AMAYA_PORTE\u0301E_3web.jpg?resize=300%2C300 300w, https:\/\/i0.wp.com\/www.tendm.net\/wp-content\/uploads\/2018\/10\/BA1_AMAYA_PORTE\u0301E_3web.jpg?resize=768%2C768 768w, https:\/\/i0.wp.com\/www.tendm.net\/wp-content\/uploads\/2018\/10\/BA1_AMAYA_PORTE\u0301E_3web.jpg?resize=1024%2C1024 1024w\" width=\"756\" height=\"756\" loading=\"lazy\" data-original-width=\"756\" data-original-height=\"756\" itemprop=\"http:\/\/schema.org\/image\" title=\"BA1_AMAYA_PORTE\u0301E_3web\" alt=\"BA1_AMAYA_PORTE\u0301E_3web\" style=\"width: 756px; height: 756px;\" \/> <\/a> <\/div> <\/div> <!-- close group --> <div class=\"gallery-group images-2\" style=\"width: 380px; height: 760px;\" data-original-width=\"380\" data-original-height=\"760\" > <div class=\"tiled-gallery-item tiled-gallery-item-large\" itemprop=\"associatedMedia\" itemscope itemtype=\"http:\/\/schema.org\/ImageObject\"> <a href=\"http:\/\/www.tendm.net\/index.php\/mademoiselle-aime\/bo3_amaya_portee_3web\/\" border=\"0\" itemprop=\"url\"> <meta itemprop=\"width\" content=\"376\"> <meta itemprop=\"height\" content=\"376\"> <img loading=\"lazy\" decoding=\"async\" class=\"\" data-attachment-id=\"6704\" data-orig-file=\"http:\/\/www.tendm.net\/wp-content\/uploads\/2018\/10\/BO3_AMAYA_PORTE\u0301E_3web.jpg\" data-orig-size=\"1300,1300\" data-comments-opened=\"1\" data-image-meta=\"{&quot;aperture&quot;:&quot;2.8&quot;,&quot;credit&quot;:&quot;&quot;,&quot;camera&quot;:&quot;Canon EOS 6D&quot;,&quot;caption&quot;:&quot;&quot;,&quot;created_timestamp&quot;:&quot;1425071597&quot;,&quot;copyright&quot;:&quot;&quot;,&quot;focal_length&quot;:&quot;38&quot;,&quot;iso&quot;:&quot;400&quot;,&quot;shutter_speed&quot;:&quot;0.033333333333333&quot;,&quot;title&quot;:&quot;&quot;,&quot;orientation&quot;:&quot;1&quot;}\" data-image-title=\"BO3_AMAYA_PORTE\u0301E_3web\" data-image-description=\"&lt;p&gt;Mademoiselle Aime&lt;\/p&gt; \" data-medium-file=\"https:\/\/i0.wp.com\/www.tendm.net\/wp-content\/uploads\/2018\/10\/BO3_AMAYA_PORTE\u0301E_3web.jpg?fit=300%2C300\" data-large-file=\"https:\/\/i0.wp.com\/www.tendm.net\/wp-content\/uploads\/2018\/10\/BO3_AMAYA_PORTE\u0301E_3web.jpg?fit=1024%2C1024\" src=\"https:\/\/i0.wp.com\/www.tendm.net\/wp-content\/uploads\/2018\/10\/BO3_AMAYA_PORTE\u0301E_3web.jpg?w=376&#038;h=376&#038;crop=1\" srcset=\"https:\/\/i0.wp.com\/www.tendm.net\/wp-content\/uploads\/2018\/10\/BO3_AMAYA_PORTE\u0301E_3web.jpg?w=1300 1300w, https:\/\/i0.wp.com\/www.tendm.net\/wp-content\/uploads\/2018\/10\/BO3_AMAYA_PORTE\u0301E_3web.jpg?resize=150%2C150 150w, https:\/\/i0.wp.com\/www.tendm.net\/wp-content\/uploads\/2018\/10\/BO3_AMAYA_PORTE\u0301E_3web.jpg?resize=300%2C300 300w, https:\/\/i0.wp.com\/www.tendm.net\/wp-content\/uploads\/2018\/10\/BO3_AMAYA_PORTE\u0301E_3web.jpg?resize=768%2C768 768w, https:\/\/i0.wp.com\/www.tendm.net\/wp-content\/uploads\/2018\/10\/BO3_AMAYA_PORTE\u0301E_3web.jpg?resize=1024%2C1024 1024w\" width=\"376\" height=\"376\" loading=\"lazy\" data-original-width=\"376\" data-original-height=\"376\" itemprop=\"http:\/\/schema.org\/image\" title=\"BO3_AMAYA_PORTE\u0301E_3web\" alt=\"Bijoux\" style=\"width: 376px; height: 376px;\" \/> <\/a> <div class=\"tiled-gallery-caption\" itemprop=\"caption description\"> Bijoux <\/div> <\/div> <div class=\"tiled-gallery-item tiled-gallery-item-large\" itemprop=\"associatedMedia\" itemscope itemtype=\"http:\/\/schema.org\/ImageObject\"> <a href=\"http:\/\/www.tendm.net\/index.php\/mademoiselle-aime\/boucles_oreilles_tihuacan_tika_noir_blanc\/\" border=\"0\" itemprop=\"url\"> <meta itemprop=\"width\" content=\"376\"> <meta itemprop=\"height\" content=\"376\"> <img loading=\"lazy\" decoding=\"async\" class=\"\" data-attachment-id=\"6705\" data-orig-file=\"http:\/\/www.tendm.net\/wp-content\/uploads\/2018\/10\/boucles_oreilles_tihuacan_tika_noir_blanc.jpg\" data-orig-size=\"1300,1300\" data-comments-opened=\"1\" data-image-meta=\"{&quot;aperture&quot;:&quot;2.8&quot;,&quot;credit&quot;:&quot;&quot;,&quot;camera&quot;:&quot;Canon EOS 6D&quot;,&quot;caption&quot;:&quot;&quot;,&quot;created_timestamp&quot;:&quot;1425071597&quot;,&quot;copyright&quot;:&quot;&quot;,&quot;focal_length&quot;:&quot;38&quot;,&quot;iso&quot;:&quot;400&quot;,&quot;shutter_speed&quot;:&quot;0.033333333333333&quot;,&quot;title&quot;:&quot;&quot;,&quot;orientation&quot;:&quot;1&quot;}\" data-image-title=\"boucles_oreilles_tihuacan_tika_noir_blanc\" data-image-description=\"\" data-medium-file=\"https:\/\/i0.wp.com\/www.tendm.net\/wp-content\/uploads\/2018\/10\/boucles_oreilles_tihuacan_tika_noir_blanc.jpg?fit=300%2C300\" data-large-file=\"https:\/\/i0.wp.com\/www.tendm.net\/wp-content\/uploads\/2018\/10\/boucles_oreilles_tihuacan_tika_noir_blanc.jpg?fit=1024%2C1024\" src=\"https:\/\/i0.wp.com\/www.tendm.net\/wp-content\/uploads\/2018\/10\/boucles_oreilles_tihuacan_tika_noir_blanc.jpg?w=376&#038;h=376&#038;crop=1\" srcset=\"https:\/\/i0.wp.com\/www.tendm.net\/wp-content\/uploads\/2018\/10\/boucles_oreilles_tihuacan_tika_noir_blanc.jpg?w=1300 1300w, https:\/\/i0.wp.com\/www.tendm.net\/wp-content\/uploads\/2018\/10\/boucles_oreilles_tihuacan_tika_noir_blanc.jpg?resize=150%2C150 150w, https:\/\/i0.wp.com\/www.tendm.net\/wp-content\/uploads\/2018\/10\/boucles_oreilles_tihuacan_tika_noir_blanc.jpg?resize=300%2C300 300w, https:\/\/i0.wp.com\/www.tendm.net\/wp-content\/uploads\/2018\/10\/boucles_oreilles_tihuacan_tika_noir_blanc.jpg?resize=768%2C768 768w, https:\/\/i0.wp.com\/www.tendm.net\/wp-content\/uploads\/2018\/10\/boucles_oreilles_tihuacan_tika_noir_blanc.jpg?resize=1024%2C1024 1024w\" width=\"376\" height=\"376\" loading=\"lazy\" data-original-width=\"376\" data-original-height=\"376\" itemprop=\"http:\/\/schema.org\/image\" title=\"boucles_oreilles_tihuacan_tika_noir_blanc\" alt=\"boucles_oreilles_tihuacan_tika_noir_blanc\" style=\"width: 376px; height: 376px;\" \/> <\/a> <\/div> <\/div> <!-- close group --> <\/div> <!-- close row --> <div class=\"gallery-row\" style=\"width: 1140px; height: 285px;\" data-original-width=\"1140\" data-original-height=\"285\" > <div class=\"gallery-group images-1\" style=\"width: 285px; height: 285px;\" data-original-width=\"285\" data-original-height=\"285\" > <div class=\"tiled-gallery-item tiled-gallery-item-large\" itemprop=\"associatedMedia\" itemscope itemtype=\"http:\/\/schema.org\/ImageObject\"> <a href=\"http:\/\/www.tendm.net\/index.php\/mademoiselle-aime\/br2_omoa_porte_web\/\" border=\"0\" itemprop=\"url\"> <meta itemprop=\"width\" content=\"281\"> <meta itemprop=\"height\" content=\"281\"> <img loading=\"lazy\" decoding=\"async\" class=\"\" data-attachment-id=\"6706\" data-orig-file=\"http:\/\/www.tendm.net\/wp-content\/uploads\/2018\/10\/BR2_OMOA_porte\u0301_web.jpg\" data-orig-size=\"1300,1300\" data-comments-opened=\"1\" data-image-meta=\"{&quot;aperture&quot;:&quot;2.8&quot;,&quot;credit&quot;:&quot;&quot;,&quot;camera&quot;:&quot;Canon EOS 6D&quot;,&quot;caption&quot;:&quot;&quot;,&quot;created_timestamp&quot;:&quot;1425071597&quot;,&quot;copyright&quot;:&quot;&quot;,&quot;focal_length&quot;:&quot;38&quot;,&quot;iso&quot;:&quot;400&quot;,&quot;shutter_speed&quot;:&quot;0.033333333333333&quot;,&quot;title&quot;:&quot;&quot;,&quot;orientation&quot;:&quot;1&quot;}\" data-image-title=\"BR2_OMOA_porte\u0301_web\" data-image-description=\"\" data-medium-file=\"https:\/\/i0.wp.com\/www.tendm.net\/wp-content\/uploads\/2018\/10\/BR2_OMOA_porte\u0301_web.jpg?fit=300%2C300\" data-large-file=\"https:\/\/i0.wp.com\/www.tendm.net\/wp-content\/uploads\/2018\/10\/BR2_OMOA_porte\u0301_web.jpg?fit=1024%2C1024\" src=\"https:\/\/i0.wp.com\/www.tendm.net\/wp-content\/uploads\/2018\/10\/BR2_OMOA_porte\u0301_web.jpg?w=281&#038;h=281&#038;crop=1\" srcset=\"https:\/\/i0.wp.com\/www.tendm.net\/wp-content\/uploads\/2018\/10\/BR2_OMOA_porte\u0301_web.jpg?w=1300 1300w, https:\/\/i0.wp.com\/www.tendm.net\/wp-content\/uploads\/2018\/10\/BR2_OMOA_porte\u0301_web.jpg?resize=150%2C150 150w, https:\/\/i0.wp.com\/www.tendm.net\/wp-content\/uploads\/2018\/10\/BR2_OMOA_porte\u0301_web.jpg?resize=300%2C300 300w, https:\/\/i0.wp.com\/www.tendm.net\/wp-content\/uploads\/2018\/10\/BR2_OMOA_porte\u0301_web.jpg?resize=768%2C768 768w, https:\/\/i0.wp.com\/www.tendm.net\/wp-content\/uploads\/2018\/10\/BR2_OMOA_porte\u0301_web.jpg?resize=1024%2C1024 1024w\" width=\"281\" height=\"281\" loading=\"lazy\" data-original-width=\"281\" data-original-height=\"281\" itemprop=\"http:\/\/schema.org\/image\" title=\"BR2_OMOA_porte\u0301_web\" alt=\"BR2_OMOA_porte\u0301_web\" style=\"width: 281px; height: 281px;\" \/> <\/a> <\/div> <\/div> <!-- close group --> <div class=\"gallery-group images-1\" style=\"width: 285px; height: 285px;\" data-original-width=\"285\" data-original-height=\"285\" > <div class=\"tiled-gallery-item tiled-gallery-item-large\" itemprop=\"associatedMedia\" itemscope itemtype=\"http:\/\/schema.org\/ImageObject\"> <a href=\"http:\/\/www.tendm.net\/index.php\/mademoiselle-aime\/omoa_b01_web\/\" border=\"0\" itemprop=\"url\"> <meta itemprop=\"width\" content=\"281\"> <meta itemprop=\"height\" content=\"281\"> <img loading=\"lazy\" decoding=\"async\" class=\"\" data-attachment-id=\"6707\" data-orig-file=\"http:\/\/www.tendm.net\/wp-content\/uploads\/2018\/10\/omoa_B01_web.jpg\" data-orig-size=\"1300,1300\" data-comments-opened=\"1\" data-image-meta=\"{&quot;aperture&quot;:&quot;2.8&quot;,&quot;credit&quot;:&quot;&quot;,&quot;camera&quot;:&quot;Canon EOS 6D&quot;,&quot;caption&quot;:&quot;&quot;,&quot;created_timestamp&quot;:&quot;1425071597&quot;,&quot;copyright&quot;:&quot;&quot;,&quot;focal_length&quot;:&quot;38&quot;,&quot;iso&quot;:&quot;400&quot;,&quot;shutter_speed&quot;:&quot;0.033333333333333&quot;,&quot;title&quot;:&quot;&quot;,&quot;orientation&quot;:&quot;1&quot;}\" data-image-title=\"omoa_B01_web\" data-image-description=\"\" data-medium-file=\"https:\/\/i0.wp.com\/www.tendm.net\/wp-content\/uploads\/2018\/10\/omoa_B01_web.jpg?fit=300%2C300\" data-large-file=\"https:\/\/i0.wp.com\/www.tendm.net\/wp-content\/uploads\/2018\/10\/omoa_B01_web.jpg?fit=1024%2C1024\" src=\"https:\/\/i0.wp.com\/www.tendm.net\/wp-content\/uploads\/2018\/10\/omoa_B01_web.jpg?w=281&#038;h=281&#038;crop=1\" srcset=\"https:\/\/i0.wp.com\/www.tendm.net\/wp-content\/uploads\/2018\/10\/omoa_B01_web.jpg?w=1300 1300w, https:\/\/i0.wp.com\/www.tendm.net\/wp-content\/uploads\/2018\/10\/omoa_B01_web.jpg?resize=150%2C150 150w, https:\/\/i0.wp.com\/www.tendm.net\/wp-content\/uploads\/2018\/10\/omoa_B01_web.jpg?resize=300%2C300 300w, https:\/\/i0.wp.com\/www.tendm.net\/wp-content\/uploads\/2018\/10\/omoa_B01_web.jpg?resize=768%2C768 768w, https:\/\/i0.wp.com\/www.tendm.net\/wp-content\/uploads\/2018\/10\/omoa_B01_web.jpg?resize=1024%2C1024 1024w\" width=\"281\" height=\"281\" loading=\"lazy\" data-original-width=\"281\" data-original-height=\"281\" itemprop=\"http:\/\/schema.org\/image\" title=\"omoa_B01_web\" alt=\"omoa_B01_web\" style=\"width: 281px; height: 281px;\" \/> <\/a> <\/div> <\/div> <!-- close group --> <div class=\"gallery-group images-1\" style=\"width: 285px; height: 285px;\" data-original-width=\"285\" data-original-height=\"285\" > <div class=\"tiled-gallery-item tiled-gallery-item-large\" itemprop=\"associatedMedia\" itemscope itemtype=\"http:\/\/schema.org\/ImageObject\"> <a href=\"http:\/\/www.tendm.net\/index.php\/mademoiselle-aime\/omoa_co1_web\/\" border=\"0\" itemprop=\"url\"> <meta itemprop=\"width\" content=\"281\"> <meta itemprop=\"height\" content=\"281\"> <img loading=\"lazy\" decoding=\"async\" class=\"\" data-attachment-id=\"6708\" data-orig-file=\"http:\/\/www.tendm.net\/wp-content\/uploads\/2018\/10\/omoa_co1_web.jpg\" data-orig-size=\"1300,1300\" data-comments-opened=\"1\" data-image-meta=\"{&quot;aperture&quot;:&quot;2.8&quot;,&quot;credit&quot;:&quot;&quot;,&quot;camera&quot;:&quot;Canon EOS 6D&quot;,&quot;caption&quot;:&quot;&quot;,&quot;created_timestamp&quot;:&quot;1425071597&quot;,&quot;copyright&quot;:&quot;&quot;,&quot;focal_length&quot;:&quot;38&quot;,&quot;iso&quot;:&quot;400&quot;,&quot;shutter_speed&quot;:&quot;0.033333333333333&quot;,&quot;title&quot;:&quot;&quot;,&quot;orientation&quot;:&quot;1&quot;}\" data-image-title=\"omoa_co1_web\" data-image-description=\"\" data-medium-file=\"https:\/\/i0.wp.com\/www.tendm.net\/wp-content\/uploads\/2018\/10\/omoa_co1_web.jpg?fit=300%2C300\" data-large-file=\"https:\/\/i0.wp.com\/www.tendm.net\/wp-content\/uploads\/2018\/10\/omoa_co1_web.jpg?fit=1024%2C1024\" src=\"https:\/\/i0.wp.com\/www.tendm.net\/wp-content\/uploads\/2018\/10\/omoa_co1_web.jpg?w=281&#038;h=281&#038;crop=1\" srcset=\"https:\/\/i0.wp.com\/www.tendm.net\/wp-content\/uploads\/2018\/10\/omoa_co1_web.jpg?w=1300 1300w, https:\/\/i0.wp.com\/www.tendm.net\/wp-content\/uploads\/2018\/10\/omoa_co1_web.jpg?resize=150%2C150 150w, https:\/\/i0.wp.com\/www.tendm.net\/wp-content\/uploads\/2018\/10\/omoa_co1_web.jpg?resize=300%2C300 300w, https:\/\/i0.wp.com\/www.tendm.net\/wp-content\/uploads\/2018\/10\/omoa_co1_web.jpg?resize=768%2C768 768w, https:\/\/i0.wp.com\/www.tendm.net\/wp-content\/uploads\/2018\/10\/omoa_co1_web.jpg?resize=1024%2C1024 1024w\" width=\"281\" height=\"281\" loading=\"lazy\" data-original-width=\"281\" data-original-height=\"281\" itemprop=\"http:\/\/schema.org\/image\" title=\"omoa_co1_web\" alt=\"omoa_co1_web\" style=\"width: 281px; height: 281px;\" \/> <\/a> <\/div> <\/div> <!-- close group --> <div class=\"gallery-group images-1\" style=\"width: 285px; height: 285px;\" data-original-width=\"285\" data-original-height=\"285\" > <div class=\"tiled-gallery-item tiled-gallery-item-large\" itemprop=\"associatedMedia\" itemscope itemtype=\"http:\/\/schema.org\/ImageObject\"> <a href=\"http:\/\/www.tendm.net\/index.php\/mademoiselle-aime\/omoa_sa1_web\/\" border=\"0\" itemprop=\"url\"> <meta itemprop=\"width\" content=\"281\"> <meta itemprop=\"height\" content=\"281\"> <img loading=\"lazy\" decoding=\"async\" class=\"\" data-attachment-id=\"6709\" data-orig-file=\"http:\/\/www.tendm.net\/wp-content\/uploads\/2018\/10\/omoa_sa1_web.jpg\" data-orig-size=\"1300,1300\" data-comments-opened=\"1\" data-image-meta=\"{&quot;aperture&quot;:&quot;2.8&quot;,&quot;credit&quot;:&quot;&quot;,&quot;camera&quot;:&quot;Canon EOS 6D&quot;,&quot;caption&quot;:&quot;&quot;,&quot;created_timestamp&quot;:&quot;1425071597&quot;,&quot;copyright&quot;:&quot;&quot;,&quot;focal_length&quot;:&quot;38&quot;,&quot;iso&quot;:&quot;400&quot;,&quot;shutter_speed&quot;:&quot;0.033333333333333&quot;,&quot;title&quot;:&quot;&quot;,&quot;orientation&quot;:&quot;1&quot;}\" data-image-title=\"omoa_sa1_web\" data-image-description=\"\" data-medium-file=\"https:\/\/i0.wp.com\/www.tendm.net\/wp-content\/uploads\/2018\/10\/omoa_sa1_web.jpg?fit=300%2C300\" data-large-file=\"https:\/\/i0.wp.com\/www.tendm.net\/wp-content\/uploads\/2018\/10\/omoa_sa1_web.jpg?fit=1024%2C1024\" src=\"https:\/\/i0.wp.com\/www.tendm.net\/wp-content\/uploads\/2018\/10\/omoa_sa1_web.jpg?w=281&#038;h=281&#038;crop=1\" srcset=\"https:\/\/i0.wp.com\/www.tendm.net\/wp-content\/uploads\/2018\/10\/omoa_sa1_web.jpg?w=1300 1300w, https:\/\/i0.wp.com\/www.tendm.net\/wp-content\/uploads\/2018\/10\/omoa_sa1_web.jpg?resize=150%2C150 150w, https:\/\/i0.wp.com\/www.tendm.net\/wp-content\/uploads\/2018\/10\/omoa_sa1_web.jpg?resize=300%2C300 300w, https:\/\/i0.wp.com\/www.tendm.net\/wp-content\/uploads\/2018\/10\/omoa_sa1_web.jpg?resize=768%2C768 768w, https:\/\/i0.wp.com\/www.tendm.net\/wp-content\/uploads\/2018\/10\/omoa_sa1_web.jpg?resize=1024%2C1024 1024w\" width=\"281\" height=\"281\" loading=\"lazy\" data-original-width=\"281\" data-original-height=\"281\" itemprop=\"http:\/\/schema.org\/image\" title=\"omoa_sa1_web\" alt=\"omoa_sa1_web\" style=\"width: 281px; height: 281px;\" \/> <\/a> <\/div> <\/div> <!-- close group --> <\/div> <!-- close row --> <\/div>\n","protected":false},"excerpt":{"rendered":"<p>\u00ab\u00a0Chaque motif est dessin\u00e9 \u00e0 la main vous ne les retrouverez donc nulle part ailleurs !\u00a0\u00bb Mademoiselle Aime est une marque de bijoux fantaisies haut de gamme. Inspir\u00e9 du voyage, chaque bijoux est cr\u00e9\u00e9 dans notre atelier Bordelais \u00e0 partir de mat\u00e9riaux de qualit\u00e9. Chaque bijou est dor\u00e9 \u00e0 l&rsquo;or fin dans un atelier parisien. [&hellip;]<\/p>\n","protected":false},"author":1,"featured_media":0,"parent":0,"menu_order":0,"comment_status":"closed","ping_status":"closed","template":"","meta":{"footnotes":""},"jetpack_sharing_enabled":true,"jetpack_shortlink":"https:\/\/wp.me\/P70bXT-1K3","jetpack-related-posts":[],"_links":{"self":[{"href":"http:\/\/www.tendm.net\/index.php\/wp-json\/wp\/v2\/pages\/6699"}],"collection":[{"href":"http:\/\/www.tendm.net\/index.php\/wp-json\/wp\/v2\/pages"}],"about":[{"href":"http:\/\/www.tendm.net\/index.php\/wp-json\/wp\/v2\/types\/page"}],"author":[{"embeddable":true,"href":"http:\/\/www.tendm.net\/index.php\/wp-json\/wp\/v2\/users\/1"}],"replies":[{"embeddable":true,"href":"http:\/\/www.tendm.net\/index.php\/wp-json\/wp\/v2\/comments?post=6699"}],"version-history":[{"count":1,"href":"http:\/\/www.tendm.net\/index.php\/wp-json\/wp\/v2\/pages\/6699\/revisions"}],"predecessor-version":[{"id":6710,"href":"http:\/\/www.tendm.net\/index.php\/wp-json\/wp\/v2\/pages\/6699\/revisions\/6710"}],"wp:attachment":[{"href":"http:\/\/www.tendm.net\/index.php\/wp-json\/wp\/v2\/media?parent=6699"}],"curies":[{"name":"wp","href":"https:\/\/api.w.org\/{rel}","templated":true}]}}